CRAN Package Check Results for Package dtplyr

Last updated on 2025-05-24 10:51:04 CEST.

Flavor Version Tinstall Tcheck Ttotal Status Flags
r-devel-linux-x86_64-debian-clang 1.3.1 7.99 92.19 100.18 NOTE
r-devel-linux-x86_64-debian-gcc 1.3.1 5.15 62.74 67.89 NOTE
r-devel-linux-x86_64-fedora-clang 1.3.1 149.18 OK
r-devel-linux-x86_64-fedora-gcc 1.3.1 151.43 OK
r-devel-windows-x86_64 1.3.1 10.00 178.00 188.00 NOTE
r-patched-linux-x86_64 1.3.1 7.31 81.80 89.11 NOTE
r-release-linux-x86_64 1.3.1 7.38 80.75 88.13 NOTE
r-release-macos-arm64 1.3.1 70.00 OK
r-release-macos-x86_64 1.3.1 95.00 OK
r-release-windows-x86_64 1.3.1 11.00 142.00 153.00 NOTE
r-oldrel-macos-arm64 1.3.1 48.00 OK
r-oldrel-macos-x86_64 1.3.1 76.00 OK
r-oldrel-windows-x86_64 1.3.1 12.00 132.00 144.00 OK

Check Details

Version: 1.3.1
Check: Rd cross-references
Result: NOTE Found the following Rd file(s) with Rd \link{} targets missing package anchors: arrange.dtplyr_step.Rd: arrange count.dtplyr_step.Rd: count distinct.dtplyr_step.Rd: distinct filter.dtplyr_step.Rd: arrange group_by.dtplyr_step.Rd: group_by, ungroup group_modify.dtplyr_step.Rd: group_map, group_modify intersect.dtplyr_step.Rd: union_all lazy_dt.Rd: collect, pull, select left_join.dtplyr_step.Rd: left_join, right_join, inner_join, full_join, anti_join, semi_join mutate.dtplyr_step.Rd: mutate relocate.dtplyr_step.Rd: relocate rename.dtplyr_step.Rd: rename, rename_with select.dtplyr_step.Rd: select slice.dtplyr_step.Rd: slice summarise.dtplyr_step.Rd: summarise transmute.dtplyr_step.Rd: transmute Please provide package anchors for all Rd \link{} targets not in the package itself and the base packages. Flavors: r-devel-linux-x86_64-debian-clang, r-devel-linux-x86_64-debian-gcc, r-devel-windows-x86_64, r-patched-linux-x86_64, r-release-linux-x86_64, r-release-windows-x86_64