CRAN Package Check Results for Package dtpcrm

Last updated on 2024-05-21 11:53:31 CEST.

Flavor Version Tinstall Tcheck Ttotal Status Flags
r-devel-linux-x86_64-debian-clang 0.1.1 3.33 69.61 72.94 NOTE
r-devel-linux-x86_64-debian-gcc 0.1.1 2.24 50.54 52.78 NOTE
r-devel-linux-x86_64-fedora-clang 0.1.1 92.01 NOTE
r-devel-linux-x86_64-fedora-gcc 0.1.1 100.21 NOTE
r-devel-windows-x86_64 0.1.1 4.00 128.00 132.00 NOTE
r-patched-linux-x86_64 0.1.1 3.25 67.77 71.02 NOTE
r-release-linux-x86_64 0.1.1 2.77 68.26 71.03 NOTE
r-release-macos-arm64 0.1.1 36.00 NOTE
r-release-windows-x86_64 0.1.1 5.00 109.00 114.00 NOTE
r-oldrel-macos-arm64 0.1.1 37.00 NOTE
r-oldrel-macos-x86_64 0.1.1 58.00 NOTE
r-oldrel-windows-x86_64 0.1.1 4.00 113.00 117.00 NOTE

Check Details

Version: 0.1.1
Check: Rd files
Result: NOTE checkRd: (-1) applied_crm.Rd:64: Lost braces; missing escapes or markup? 64 | The empiric model is specified as F(d, beta) = d^{exp(beta)}. The logistic model is | ^ Flavors: r-devel-linux-x86_64-debian-clang, r-devel-linux-x86_64-debian-gcc, r-devel-linux-x86_64-fedora-clang, r-devel-linux-x86_64-fedora-gcc, r-devel-windows-x86_64, r-patched-linux-x86_64, r-release-linux-x86_64, r-release-macos-arm64, r-release-windows-x86_64

Version: 0.1.1
Check: LazyData
Result: NOTE 'LazyData' is specified without a 'data' directory Flavors: r-devel-linux-x86_64-debian-clang, r-devel-linux-x86_64-debian-gcc, r-devel-linux-x86_64-fedora-clang, r-devel-linux-x86_64-fedora-gcc, r-devel-windows-x86_64, r-patched-linux-x86_64, r-release-linux-x86_64, r-release-macos-arm64, r-release-windows-x86_64, r-oldrel-macos-arm64, r-oldrel-macos-x86_64, r-oldrel-windows-x86_64