Last updated on 2022-07-06 12:53:34 CEST.
Flavor | Version | Tinstall | Tcheck | Ttotal | Status | Flags |
---|---|---|---|---|---|---|
r-devel-linux-x86_64-debian-clang | 0.1.0 | 2.86 | 39.37 | 42.23 | OK | |
r-devel-linux-x86_64-debian-gcc | 0.1.0 | 3.07 | 29.85 | 32.92 | OK | |
r-devel-linux-x86_64-fedora-clang | 0.1.0 | 60.15 | WARN | |||
r-devel-linux-x86_64-fedora-gcc | 0.1.0 | 60.37 | WARN | |||
r-devel-windows-x86_64 | 0.1.0 | 9.00 | 68.00 | 77.00 | OK | |
r-patched-linux-x86_64 | 0.1.0 | 3.97 | 38.29 | 42.26 | OK | |
r-release-linux-x86_64 | 0.1.0 | 2.97 | 38.41 | 41.38 | OK | |
r-release-macos-arm64 | 0.1.0 | 19.00 | OK | |||
r-release-macos-x86_64 | 0.1.0 | 27.00 | OK | |||
r-release-windows-x86_64 | 0.1.0 | 10.00 | 73.00 | 83.00 | OK | |
r-oldrel-macos-arm64 | 0.1.0 | 21.00 | OK | |||
r-oldrel-macos-x86_64 | 0.1.0 | 40.00 | OK | |||
r-oldrel-windows-ix86+x86_64 | 0.1.0 | 9.00 | 59.00 | 68.00 | OK |
Version: 0.1.0
Check: package dependencies
Result: WARN
Requires orphaned package: ‘gtools’
Flavors: r-devel-linux-x86_64-fedora-clang, r-devel-linux-x86_64-fedora-gcc