CRAN Package Check Results for Package dti

Last updated on 2024-02-22 12:48:25 CET.

Flavor Version Tinstall Tcheck Ttotal Status Flags
r-devel-linux-x86_64-debian-clang 1.5.4 NOTE
r-devel-linux-x86_64-debian-gcc 1.5.4 29.60 91.61 121.21 NOTE
r-devel-linux-x86_64-fedora-clang 1.5.4 233.15 OK
r-devel-linux-x86_64-fedora-gcc 1.5.4 206.33 OK
r-devel-windows-x86_64 1.5.4 39.00 119.00 158.00 OK
r-patched-linux-x86_64 1.5.4 27.14 124.76 151.90 OK
r-release-linux-x86_64 1.5.4 27.41 118.52 145.93 OK
r-release-macos-arm64 1.5.4 64.00 OK
r-release-macos-x86_64 1.5.4 104.00 OK
r-release-windows-x86_64 1.5.4 49.00 147.00 196.00 OK
r-oldrel-macos-arm64 1.5.4 61.00 OK
r-oldrel-windows-x86_64 1.5.4 47.00 144.00 191.00 OK

Check Details

Version: 1.5.4
Check: Rd files
Result: NOTE checkRd: (-1) extract-methods.Rd:105: Lost braces 105 | argument \code{what}. For code{"["} the cutted object. | ^ Flavors: r-devel-linux-x86_64-debian-clang, r-devel-linux-x86_64-debian-gcc