Last updated on 2023-05-31 13:00:41 CEST.
Flavor | Version | Tinstall | Tcheck | Ttotal | Status | Flags |
---|---|---|---|---|---|---|
r-devel-linux-x86_64-debian-clang | 0.7.5 | 4.63 | 29.14 | 33.77 | OK | |
r-devel-linux-x86_64-debian-gcc | 0.7.5 | 3.35 | 23.33 | 26.68 | OK | |
r-devel-linux-x86_64-fedora-clang | 0.7.5 | 44.16 | NOTE | |||
r-devel-linux-x86_64-fedora-gcc | 0.7.5 | 42.09 | NOTE | |||
r-devel-windows-x86_64 | 0.7.5 | 7.00 | 50.00 | 57.00 | OK | |
r-patched-linux-x86_64 | 0.7.5 | 4.62 | 28.85 | 33.47 | OK | |
r-release-linux-x86_64 | 0.7.5 | 4.80 | 28.49 | 33.29 | OK | |
r-release-macos-arm64 | 0.7.5 | 19.00 | OK | |||
r-release-macos-x86_64 | 0.7.4 | 29.00 | OK | |||
r-release-windows-x86_64 | 0.7.5 | 8.00 | 56.00 | 64.00 | OK | |
r-oldrel-macos-arm64 | 0.7.5 | 19.00 | OK | |||
r-oldrel-macos-x86_64 | 0.7.5 | 28.00 | OK | |||
r-oldrel-windows-x86_64 | 0.7.5 | 8.00 | 51.00 | 59.00 | OK |
Version: 0.7.5
Check: data for non-ASCII characters
Result: NOTE
Note: found 4891 marked UTF-8 strings
Flavors: r-devel-linux-x86_64-fedora-clang, r-devel-linux-x86_64-fedora-gcc