Last updated on 2022-06-30 11:53:06 CEST.
Flavor | Version | Tinstall | Tcheck | Ttotal | Status | Flags |
---|---|---|---|---|---|---|
r-devel-linux-x86_64-debian-clang | 0.7.4 | 3.72 | 30.41 | 34.13 | OK | |
r-devel-linux-x86_64-debian-gcc | 0.7.4 | 3.84 | 23.53 | 27.37 | OK | |
r-devel-linux-x86_64-fedora-clang | 0.7.4 | 53.37 | NOTE | |||
r-devel-linux-x86_64-fedora-gcc | 0.7.4 | 53.49 | NOTE | |||
r-devel-windows-x86_64 | 0.7.4 | 38.00 | 61.00 | 99.00 | OK | |
r-patched-linux-x86_64 | 0.7.4 | 3.71 | 29.86 | 33.57 | OK | |
r-release-linux-x86_64 | 0.7.4 | 4.47 | 29.80 | 34.27 | OK | |
r-release-macos-arm64 | 0.7.4 | 20.00 | NOTE | |||
r-release-macos-x86_64 | 0.7.4 | 35.00 | NOTE | |||
r-release-windows-x86_64 | 0.7.4 | 71.00 | 63.00 | 134.00 | OK | |
r-oldrel-macos-arm64 | 0.7.4 | 24.00 | NOTE | |||
r-oldrel-macos-x86_64 | 0.7.4 | 32.00 | NOTE | |||
r-oldrel-windows-ix86+x86_64 | 0.7.4 | 10.00 | 49.00 | 59.00 | OK |
Version: 0.7.4
Check: data for non-ASCII characters
Result: NOTE
Note: found 4891 marked UTF-8 strings
Flavors: r-devel-linux-x86_64-fedora-clang, r-devel-linux-x86_64-fedora-gcc, r-release-macos-arm64, r-release-macos-x86_64, r-oldrel-macos-arm64, r-oldrel-macos-x86_64