CRAN Package Check Results for Package dse

Last updated on 2022-10-05 11:52:10 CEST.

Flavor Version Tinstall Tcheck Ttotal Status Flags
r-devel-linux-x86_64-debian-clang 2020.2-1 19.64 187.16 206.80 OK
r-devel-linux-x86_64-debian-gcc 2020.2-1 15.41 136.06 151.47 OK
r-devel-linux-x86_64-fedora-clang 2020.2-1 259.45 NOTE
r-devel-linux-x86_64-fedora-gcc 2020.2-1 1133.28 NOTE
r-devel-windows-x86_64 2020.2-1 89.00 294.00 383.00 OK
r-patched-linux-x86_64 2020.2-1 19.62 167.49 187.11 OK
r-release-linux-x86_64 2020.2-1 15.86 169.48 185.34 OK
r-release-macos-arm64 2020.2-1 308.00 OK
r-release-macos-x86_64 2020.2-1 603.00 OK
r-release-windows-x86_64 2020.2-1 94.00 280.00 374.00 OK
r-oldrel-macos-arm64 2020.2-1 308.00 OK
r-oldrel-macos-x86_64 2020.2-1 905.00 OK
r-oldrel-windows-ix86+x86_64 2020.2-1 32.00 191.00 223.00 OK

Check Details

Version: 2020.2-1
Check: Rd cross-references
Result: NOTE
    Undeclared package ‘EvalEst’ in Rd xrefs
Flavor: r-devel-linux-x86_64-fedora-clang

Version: 2020.2-1
Check: compiled code
Result: NOTE
    File ‘dse/libs/dse.so’:
     Found no calls to: ‘R_registerRoutines’, ‘R_useDynamicSymbols’
    
    It is good practice to register native routines and to disable symbol
    search.
    
    See ‘Writing portable packages’ in the ‘Writing R Extensions’ manual.
Flavors: r-devel-linux-x86_64-fedora-clang, r-devel-linux-x86_64-fedora-gcc