Last updated on 2022-07-06 12:53:34 CEST.
Flavor | Version | Tinstall | Tcheck | Ttotal | Status | Flags |
---|---|---|---|---|---|---|
r-devel-linux-x86_64-debian-clang | 0.91.2.2 | 1.87 | 21.45 | 23.32 | NOTE | |
r-devel-linux-x86_64-debian-gcc | 0.91.2.2 | 1.57 | 16.96 | 18.53 | NOTE | |
r-devel-linux-x86_64-fedora-clang | 0.91.2.2 | 39.63 | NOTE | |||
r-devel-linux-x86_64-fedora-gcc | 0.91.2.2 | 38.91 | NOTE | |||
r-devel-windows-x86_64 | 0.91.2.2 | 12.00 | 49.00 | 61.00 | NOTE | |
r-patched-linux-x86_64 | 0.91.2.2 | 2.17 | 21.63 | 23.80 | NOTE | |
r-release-linux-x86_64 | 0.91.2.2 | 1.49 | 21.46 | 22.95 | NOTE | |
r-release-macos-arm64 | 0.91.2.2 | 14.00 | NOTE | |||
r-release-macos-x86_64 | 0.91.2.2 | 19.00 | NOTE | |||
r-release-windows-x86_64 | 0.91.2.2 | 10.00 | 51.00 | 61.00 | NOTE | |
r-oldrel-macos-arm64 | 0.91.2.2 | 22.00 | NOTE | |||
r-oldrel-macos-x86_64 | 0.91.2.2 | 29.00 | NOTE | |||
r-oldrel-windows-ix86+x86_64 | 0.91.2.2 | 5.00 | 37.00 | 42.00 | NOTE |
Version: 0.91.2.2
Check: DESCRIPTION meta-information
Result: NOTE
BugReports field is not a suitable URL but appears to contain an email address
not specified by mailto: nor contained in < >
use the Contact field instead
Flavors: r-devel-linux-x86_64-debian-clang, r-devel-linux-x86_64-debian-gcc, r-devel-linux-x86_64-fedora-clang, r-devel-linux-x86_64-fedora-gcc, r-devel-windows-x86_64, r-patched-linux-x86_64, r-release-linux-x86_64, r-release-macos-arm64, r-release-macos-x86_64, r-release-windows-x86_64, r-oldrel-macos-arm64, r-oldrel-macos-x86_64, r-oldrel-windows-ix86+x86_64