CRAN Package Check Results for Package drpop

Last updated on 2022-07-03 11:53:36 CEST.

Flavor Version Tinstall Tcheck Ttotal Status Flags
r-devel-linux-x86_64-debian-clang 0.0.3 15.14 272.05 287.19 OK
r-devel-linux-x86_64-debian-gcc 0.0.3 11.20 167.46 178.66 OK
r-devel-linux-x86_64-fedora-clang 0.0.3 305.34 WARN
r-devel-linux-x86_64-fedora-gcc 0.0.3 283.66 WARN
r-devel-windows-x86_64 0.0.3 22.00 268.00 290.00 OK
r-patched-linux-x86_64 0.0.3 11.65 211.28 222.93 OK
r-release-linux-x86_64 0.0.3 11.77 239.61 251.38 OK
r-release-macos-arm64 0.0.3 66.00 OK
r-release-macos-x86_64 0.0.3 164.00 OK
r-release-windows-x86_64 0.0.3 18.00 272.00 290.00 OK
r-oldrel-macos-arm64 0.0.3 80.00 OK
r-oldrel-macos-x86_64 0.0.3 130.00 OK
r-oldrel-windows-ix86+x86_64 0.0.3 30.00 277.00 307.00 OK

Check Details

Version: 0.0.3
Check: package dependencies
Result: WARN
    Requires (indirectly) orphaned package: ‘gtools’
Flavors: r-devel-linux-x86_64-fedora-clang, r-devel-linux-x86_64-fedora-gcc