Last updated on 2022-07-01 11:51:59 CEST.
Flavor | Version | Tinstall | Tcheck | Ttotal | Status | Flags |
---|---|---|---|---|---|---|
r-devel-linux-x86_64-debian-clang | 0.2.1 | 5.91 | 107.47 | 113.38 | NOTE | |
r-devel-linux-x86_64-debian-gcc | 0.2.1 | 4.94 | 83.50 | 88.44 | NOTE | |
r-devel-linux-x86_64-fedora-clang | 0.2.1 | 142.78 | NOTE | |||
r-devel-linux-x86_64-fedora-gcc | 0.2.1 | 147.06 | NOTE | |||
r-devel-windows-x86_64 | 0.2.1 | 16.00 | 115.00 | 131.00 | NOTE | |
r-patched-linux-x86_64 | 0.2.1 | 6.85 | 102.98 | 109.83 | NOTE | |
r-release-linux-x86_64 | 0.2.1 | 6.55 | 102.81 | 109.36 | NOTE | |
r-release-macos-arm64 | 0.2.1 | 33.00 | NOTE | |||
r-release-macos-x86_64 | 0.2.1 | 76.00 | NOTE | |||
r-release-windows-x86_64 | 0.2.1 | 12.00 | 121.00 | 133.00 | NOTE | |
r-oldrel-macos-arm64 | 0.2.1 | 40.00 | NOTE | |||
r-oldrel-macos-x86_64 | 0.2.1 | 73.00 | NOTE | |||
r-oldrel-windows-ix86+x86_64 | 0.2.1 | 16.00 | 92.00 | 108.00 | NOTE |
Version: 0.2.1
Check: LazyData
Result: NOTE
'LazyData' is specified without a 'data' directory
Flavors: r-devel-linux-x86_64-debian-clang, r-devel-linux-x86_64-debian-gcc, r-devel-linux-x86_64-fedora-clang, r-devel-linux-x86_64-fedora-gcc, r-devel-windows-x86_64, r-patched-linux-x86_64, r-release-linux-x86_64, r-release-macos-arm64, r-release-macos-x86_64, r-release-windows-x86_64, r-oldrel-macos-arm64, r-oldrel-macos-x86_64, r-oldrel-windows-ix86+x86_64