CRAN Package Check Results for Package drfit

Last updated on 2022-07-02 12:53:02 CEST.

Flavor Version Tinstall Tcheck Ttotal Status Flags
r-devel-linux-x86_64-debian-clang 0.7.2 13.31 126.55 139.86 OK
r-devel-linux-x86_64-debian-gcc 0.7.2 9.62 97.14 106.76 OK
r-devel-linux-x86_64-fedora-clang 0.7.2 174.78 WARN
r-devel-linux-x86_64-fedora-gcc 0.7.2 180.97 WARN
r-devel-windows-x86_64 0.7.2 20.00 149.00 169.00 OK
r-patched-linux-x86_64 0.7.2 17.50 121.97 139.47 OK
r-release-linux-x86_64 0.7.2 14.39 123.67 138.06 OK
r-release-macos-arm64 0.7.2 45.00 OK
r-release-macos-x86_64 0.7.2 93.00 OK
r-release-windows-x86_64 0.7.2 20.00 158.00 178.00 OK
r-oldrel-macos-arm64 0.7.2 56.00 OK
r-oldrel-macos-x86_64 0.7.2 112.00 OK
r-oldrel-windows-ix86+x86_64 0.7.2 29.00 152.00 181.00 OK

Check Details

Version: 0.7.2
Check: package dependencies
Result: WARN
    Requires (indirectly) orphaned package: ‘gtools’
Flavors: r-devel-linux-x86_64-fedora-clang, r-devel-linux-x86_64-fedora-gcc