Last updated on 2025-04-29 12:52:34 CEST.
Flavor | Version | Tinstall | Tcheck | Ttotal | Status | Flags |
---|---|---|---|---|---|---|
r-devel-linux-x86_64-debian-clang | 1.0.0 | 1.92 | 21.18 | 23.10 | NOTE | |
r-devel-linux-x86_64-debian-gcc | 1.0.0 | 1.44 | 17.48 | 18.92 | NOTE | |
r-devel-linux-x86_64-fedora-clang | 1.0.0 | 33.75 | NOTE | |||
r-devel-linux-x86_64-fedora-gcc | 1.0.0 | 32.25 | NOTE | |||
r-devel-windows-x86_64 | 1.0.0 | 4.00 | 43.00 | 47.00 | OK | |
r-patched-linux-x86_64 | 1.0.0 | 1.79 | 19.08 | 20.87 | NOTE | |
r-release-linux-x86_64 | 1.0.0 | 1.33 | 18.96 | 20.29 | NOTE | |
r-release-macos-arm64 | 1.0.0 | 29.00 | OK | |||
r-release-macos-x86_64 | 1.0.0 | 25.00 | OK | |||
r-release-windows-x86_64 | 1.0.0 | 3.00 | 49.00 | 52.00 | OK | |
r-oldrel-macos-arm64 | 1.0.0 | 15.00 | NOTE | |||
r-oldrel-macos-x86_64 | 1.0.0 | 21.00 | NOTE | |||
r-oldrel-windows-x86_64 | 1.0.0 | 4.00 | 43.00 | 47.00 | NOTE |
Version: 1.0.0
Check: CRAN incoming feasibility
Result: NOTE
Maintainer: ‘Richard Wen <rrwen.dev@gmail.com>’
No Authors@R field in DESCRIPTION.
Please add one, modifying
Authors@R: person(given = "Richard",
family = "Wen",
role = c("aut", "cre"),
email = "rrwen.dev@gmail.com")
as necessary.
Flavors: r-devel-linux-x86_64-debian-clang, r-devel-linux-x86_64-debian-gcc
Version: 1.0.0
Check: for non-standard things in the check directory
Result: NOTE
Found the following files/directories:
‘drawBox.pdf’ ‘drawCircle.pdf’ ‘drawCurve.pdf’ ‘drawLine.pdf’
‘drawPoint.pdf’ ‘drawSettingsExample.pdf’ ‘drawText.pdf’ ‘export.pdf’
Flavors: r-devel-linux-x86_64-debian-clang, r-devel-linux-x86_64-debian-gcc, r-devel-linux-x86_64-fedora-clang, r-devel-linux-x86_64-fedora-gcc, r-patched-linux-x86_64, r-release-linux-x86_64
Version: 1.0.0
Check: LazyData
Result: NOTE
'LazyData' is specified without a 'data' directory
Flavors: r-oldrel-macos-arm64, r-oldrel-macos-x86_64, r-oldrel-windows-x86_64