CRAN Package Check Results for Package dragracer

Last updated on 2022-06-26 11:52:30 CEST.

Flavor Version Tinstall Tcheck Ttotal Status Flags
r-devel-linux-x86_64-debian-clang 0.1.7 2.03 26.81 28.84 OK
r-devel-linux-x86_64-debian-gcc 0.1.7 1.52 21.26 22.78 OK
r-devel-linux-x86_64-fedora-clang 0.1.7 47.48 NOTE
r-devel-linux-x86_64-fedora-gcc 0.1.7 44.81 NOTE
r-devel-windows-x86_64 0.1.7 16.00 55.00 71.00 OK
r-patched-linux-x86_64 0.1.7 1.77 25.88 27.65 OK
r-release-linux-x86_64 0.1.7 1.72 26.20 27.92 OK
r-release-macos-arm64 0.1.7 17.00 NOTE
r-release-macos-x86_64 0.1.7 24.00 NOTE
r-release-windows-x86_64 0.1.7 23.00 53.00 76.00 OK
r-oldrel-macos-arm64 0.1.7 17.00 NOTE
r-oldrel-macos-x86_64 0.1.7 43.00 NOTE
r-oldrel-windows-ix86+x86_64 0.1.7 6.00 46.00 52.00 OK

Check Details

Version: 0.1.7
Check: data for non-ASCII characters
Result: NOTE
     Note: found 103 marked UTF-8 strings
Flavors: r-devel-linux-x86_64-fedora-clang, r-devel-linux-x86_64-fedora-gcc, r-release-macos-arm64, r-release-macos-x86_64, r-oldrel-macos-arm64, r-oldrel-macos-x86_64