Last updated on 2024-04-26 12:54:30 CEST.
Flavor | Version | Tinstall | Tcheck | Ttotal | Status | Flags |
---|---|---|---|---|---|---|
r-devel-linux-x86_64-debian-clang | 0.1.1 | 24.85 | 46.68 | 71.53 | OK | |
r-devel-linux-x86_64-debian-gcc | 0.1.1 | 20.26 | 36.35 | 56.61 | OK | |
r-devel-linux-x86_64-fedora-clang | 0.1.1 | 97.27 | NOTE | |||
r-devel-linux-x86_64-fedora-gcc | 0.1.1 | 127.45 | OK | |||
r-devel-windows-x86_64 | 0.1.1 | 20.00 | 79.00 | 99.00 | OK | |
r-patched-linux-x86_64 | 0.1.1 | 22.04 | 45.98 | 68.02 | OK | |
r-release-linux-x86_64 | 0.1.1 | 26.92 | 44.45 | 71.37 | OK | |
r-release-macos-arm64 | 0.1.1 | 38.00 | OK | |||
r-release-windows-x86_64 | 0.1.1 | 21.00 | 82.00 | 103.00 | OK | |
r-oldrel-macos-arm64 | 0.1.1 | 42.00 | OK | |||
r-oldrel-macos-x86_64 | 0.1.1 | 73.00 | OK | |||
r-oldrel-windows-x86_64 | 0.1.1 | 25.00 | 93.00 | 118.00 | OK |
Version: 0.1.1
Check: Rd cross-references
Result: NOTE
Undeclared package ‘RcppEigen’ in Rd xrefs
Flavor: r-devel-linux-x86_64-fedora-clang