Last updated on 2024-04-18 12:52:42 CEST.
Flavor | Version | Tinstall | Tcheck | Ttotal | Status | Flags |
---|---|---|---|---|---|---|
r-devel-linux-x86_64-debian-clang | 1.7 | 5.75 | 35.76 | 41.51 | NOTE | |
r-devel-linux-x86_64-debian-gcc | 1.7 | 3.97 | 27.08 | 31.05 | NOTE | |
r-devel-linux-x86_64-fedora-clang | 1.7 | 51.34 | NOTE | |||
r-devel-linux-x86_64-fedora-gcc | 1.7 | 49.20 | NOTE | |||
r-prerel-macos-arm64 | 1.7 | 18.00 | NOTE | |||
r-prerel-windows-x86_64 | 1.7 | 7.00 | 45.00 | 52.00 | NOTE | |
r-patched-linux-x86_64 | 1.7 | 5.78 | 35.03 | 40.81 | NOTE | |
r-release-linux-x86_64 | 1.7 | 4.36 | 34.33 | 38.69 | NOTE | |
r-release-macos-arm64 | 1.7 | 17.00 | NOTE | |||
r-release-macos-x86_64 | 1.7 | 27.00 | NOTE | |||
r-release-windows-x86_64 | 1.7 | 9.00 | 46.00 | 55.00 | NOTE | |
r-oldrel-macos-arm64 | 1.7 | 18.00 | NOTE | |||
r-oldrel-windows-x86_64 | 1.7 | 8.00 | 51.00 | 59.00 | NOTE |
Version: 1.7
Check: Rd files
Result: NOTE
checkRd: (-1) PMLE.Weibull.Rd:20: Lost braces; missing escapes or markup?
20 | \item{D1}{Randomize the intial value if |mu_h-mu_{h+1}|>D1}
| ^
checkRd: (-1) PMLE.Weibull.Rd:21: Lost braces; missing escapes or markup?
21 | \item{D2}{Randomize the intial value if |sigma_h-sigma_{h+1}|>D2}
| ^
checkRd: (-1) PMLE.loglogistic.Rd:20: Lost braces; missing escapes or markup?
20 | \item{D1}{Randomize the intial value if |mu_h-mu_{h+1}|>D1}
| ^
checkRd: (-1) PMLE.loglogistic.Rd:21: Lost braces; missing escapes or markup?
21 | \item{D2}{Randomize the intial value if |sigma_h-sigma_{h+1}|>D2}
| ^
checkRd: (-1) PMLE.lognormal.Rd:20: Lost braces; missing escapes or markup?
20 | \item{D1}{Randomize the intial value if |mu_h-mu_{h+1}|>D1}
| ^
checkRd: (-1) PMLE.lognormal.Rd:21: Lost braces; missing escapes or markup?
21 | \item{D2}{Randomize the intial value if |sigma_h-sigma_{h+1}|>D2}
| ^
Flavors: r-devel-linux-x86_64-debian-clang, r-devel-linux-x86_64-debian-gcc, r-devel-linux-x86_64-fedora-clang, r-devel-linux-x86_64-fedora-gcc, r-prerel-macos-arm64, r-prerel-windows-x86_64, r-patched-linux-x86_64
Version: 1.7
Check: LazyData
Result: NOTE
'LazyData' is specified without a 'data' directory
Flavors: r-devel-linux-x86_64-debian-clang, r-devel-linux-x86_64-debian-gcc, r-devel-linux-x86_64-fedora-clang, r-devel-linux-x86_64-fedora-gcc, r-prerel-macos-arm64, r-prerel-windows-x86_64, r-patched-linux-x86_64, r-release-linux-x86_64, r-release-macos-arm64, r-release-macos-x86_64, r-release-windows-x86_64, r-oldrel-macos-arm64, r-oldrel-windows-x86_64