CRAN Package Check Results for Package dots

Last updated on 2023-02-06 11:04:33 CET.

Flavor Version Tinstall Tcheck Ttotal Status Flags
r-devel-linux-x86_64-debian-clang 0.0.2 7.66 129.35 137.01 OK
r-devel-linux-x86_64-debian-gcc 0.0.2 6.06 94.92 100.98 OK
r-devel-linux-x86_64-fedora-clang 0.0.2 175.12 NOTE
r-devel-linux-x86_64-fedora-gcc 0.0.2 178.77 NOTE
r-devel-windows-x86_64 0.0.2 19.00 174.00 193.00 OK
r-patched-linux-x86_64 0.0.2 5.32 124.62 129.94 OK
r-release-linux-x86_64 0.0.2 7.52 126.10 133.62 OK
r-release-macos-arm64 0.0.2 51.00 NOTE
r-release-macos-x86_64 0.0.2 72.00 NOTE
r-release-windows-x86_64 0.0.2 18.00 192.00 210.00 OK
r-oldrel-macos-arm64 0.0.2 49.00 NOTE
r-oldrel-macos-x86_64 0.0.2 70.00 NOTE
r-oldrel-windows-ix86+x86_64 0.0.2 18.00 186.00 204.00 OK

Check Details

Version: 0.0.2
Check: data for non-ASCII characters
Result: NOTE
     Note: found 2 marked UTF-8 strings
Flavors: r-devel-linux-x86_64-fedora-clang, r-devel-linux-x86_64-fedora-gcc, r-release-macos-arm64, r-release-macos-x86_64, r-oldrel-macos-arm64, r-oldrel-macos-x86_64