CRAN Package Check Results for Package dots

Last updated on 2024-02-24 11:49:24 CET.

Flavor Version Tinstall Tcheck Ttotal Status Flags
r-devel-linux-x86_64-debian-clang 0.0.2 7.24 128.17 135.41 OK
r-devel-linux-x86_64-debian-gcc 0.0.2 5.66 95.09 100.75 OK
r-devel-linux-x86_64-fedora-clang 0.0.2 168.72 NOTE
r-devel-linux-x86_64-fedora-gcc 0.0.2 176.15 NOTE
r-devel-windows-x86_64 0.0.2 7.00 112.00 119.00 OK
r-patched-linux-x86_64 0.0.2 4.73 124.04 128.77 OK
r-release-linux-x86_64 0.0.2 4.62 123.22 127.84 OK
r-release-macos-arm64 0.0.2 50.00 OK
r-release-macos-x86_64 0.0.2 94.00 OK
r-release-windows-x86_64 0.0.2 10.00 141.00 151.00 OK
r-oldrel-macos-arm64 0.0.2 51.00 NOTE
r-oldrel-windows-x86_64 0.0.2 10.00 146.00 156.00 OK

Check Details

Version: 0.0.2
Check: data for non-ASCII characters
Result: NOTE Note: found 2 marked UTF-8 strings Flavors: r-devel-linux-x86_64-fedora-clang, r-devel-linux-x86_64-fedora-gcc, r-oldrel-macos-arm64