CRAN Package Check Results for Package dosedesignR

Last updated on 2022-07-06 12:53:34 CEST.

Flavor Version Tinstall Tcheck Ttotal Status Flags
r-devel-linux-x86_64-debian-clang 0.2.4 2.30 24.17 26.47 NOTE
r-devel-linux-x86_64-debian-gcc 0.2.4 1.62 19.08 20.70 NOTE
r-devel-linux-x86_64-fedora-clang 0.2.4 44.58 NOTE
r-devel-linux-x86_64-fedora-gcc 0.2.4 44.16 NOTE
r-devel-windows-x86_64 0.2.4 11.00 58.00 69.00 NOTE
r-patched-linux-x86_64 0.2.4 2.18 24.15 26.33 NOTE
r-release-linux-x86_64 0.2.4 1.73 23.74 25.47 NOTE
r-release-macos-arm64 0.2.4 17.00 NOTE
r-release-macos-x86_64 0.2.4 29.00 NOTE
r-release-windows-x86_64 0.2.4 5.00 64.00 69.00 NOTE
r-oldrel-macos-arm64 0.2.4 22.00 NOTE
r-oldrel-macos-x86_64 0.2.4 30.00 NOTE
r-oldrel-windows-ix86+x86_64 0.2.4 6.00 44.00 50.00 NOTE

Check Details

Version: 0.2.4
Check: LazyData
Result: NOTE
     'LazyData' is specified without a 'data' directory
Flavors: r-devel-linux-x86_64-debian-clang, r-devel-linux-x86_64-debian-gcc, r-devel-linux-x86_64-fedora-clang, r-devel-linux-x86_64-fedora-gcc, r-devel-windows-x86_64, r-patched-linux-x86_64, r-release-linux-x86_64, r-release-macos-arm64, r-release-macos-x86_64, r-release-windows-x86_64, r-oldrel-macos-arm64, r-oldrel-macos-x86_64, r-oldrel-windows-ix86+x86_64

Version: 0.2.4
Check: dependencies in R code
Result: NOTE
    Namespaces in Imports field not imported from:
     ‘DT’ ‘DoseFinding’ ‘ggplot2’ ‘lattice’ ‘latticeExtra’ ‘shinyjs’
     All declared Imports should be used.
Flavors: r-devel-linux-x86_64-fedora-clang, r-devel-linux-x86_64-fedora-gcc, r-release-macos-arm64, r-release-macos-x86_64, r-oldrel-macos-arm64, r-oldrel-macos-x86_64