CRAN Package Check Results for Package docopulae

Last updated on 2022-06-25 10:53:01 CEST.

Flavor Version Tinstall Tcheck Ttotal Status Flags
r-devel-linux-x86_64-debian-clang 0.4.0 5.89 70.20 76.09 NOTE
r-devel-linux-x86_64-debian-gcc 0.4.0 3.77 48.82 52.59 NOTE
r-devel-linux-x86_64-fedora-clang 0.4.0 103.09 NOTE
r-devel-linux-x86_64-fedora-gcc 0.4.0 95.76 NOTE
r-devel-windows-x86_64 0.4.0 57.00 103.00 160.00 NOTE
r-patched-linux-x86_64 0.4.0 5.60 67.95 73.55 NOTE
r-release-linux-x86_64 0.4.0 3.67 68.27 71.94 NOTE
r-release-macos-arm64 0.4.0 29.00 NOTE
r-release-macos-x86_64 0.4.0 37.00 NOTE
r-release-windows-x86_64 0.4.0 66.00 95.00 161.00 NOTE
r-oldrel-macos-arm64 0.4.0 31.00 NOTE
r-oldrel-macos-x86_64 0.4.0 59.00 NOTE
r-oldrel-windows-ix86+x86_64 0.4.0 13.00 121.00 134.00 NOTE

Check Details

Version: 0.4.0
Check: LazyData
Result: NOTE
     'LazyData' is specified without a 'data' directory
Flavors: r-devel-linux-x86_64-debian-clang, r-devel-linux-x86_64-debian-gcc, r-devel-linux-x86_64-fedora-clang, r-devel-linux-x86_64-fedora-gcc, r-devel-windows-x86_64, r-patched-linux-x86_64, r-release-linux-x86_64, r-release-macos-arm64, r-release-macos-x86_64, r-release-windows-x86_64, r-oldrel-macos-arm64, r-oldrel-macos-x86_64, r-oldrel-windows-ix86+x86_64