CRAN Package Check Results for Package docknitr

Last updated on 2024-05-29 11:52:34 CEST.

Flavor Version Tinstall Tcheck Ttotal Status Flags
r-devel-linux-x86_64-debian-clang 1.0.1 2.39 29.36 31.75 NOTE
r-devel-linux-x86_64-debian-gcc 1.0.1 1.83 22.76 24.59 NOTE
r-devel-linux-x86_64-fedora-clang 1.0.1 41.68 NOTE
r-devel-linux-x86_64-fedora-gcc 1.0.1 50.75 NOTE
r-devel-windows-x86_64 1.0.1 3.00 45.00 48.00 NOTE
r-patched-linux-x86_64 1.0.1 2.19 28.46 30.65 NOTE
r-release-linux-x86_64 1.0.1 2.04 28.14 30.18 NOTE
r-release-macos-arm64 1.0.1 21.00 NOTE
r-release-windows-x86_64 1.0.1 3.00 44.00 47.00 NOTE
r-oldrel-macos-arm64 1.0.1 26.00 NOTE
r-oldrel-macos-x86_64 1.0.1 33.00 NOTE
r-oldrel-windows-x86_64 1.0.1 4.00 47.00 51.00 NOTE

Check Details

Version: 1.0.1
Check: LazyData
Result: NOTE 'LazyData' is specified without a 'data' directory Flavors: r-devel-linux-x86_64-debian-clang, r-devel-linux-x86_64-debian-gcc, r-devel-linux-x86_64-fedora-clang, r-devel-linux-x86_64-fedora-gcc, r-devel-windows-x86_64, r-patched-linux-x86_64, r-release-linux-x86_64, r-release-macos-arm64, r-release-windows-x86_64, r-oldrel-macos-arm64, r-oldrel-macos-x86_64, r-oldrel-windows-x86_64