Last updated on 2024-04-25 07:59:50 CEST.
Flavor | Version | Tinstall | Tcheck | Ttotal | Status | Flags |
---|---|---|---|---|---|---|
r-devel-linux-x86_64-debian-clang | 0.2.0 | 125.56 | 55.35 | 180.91 | NOTE | |
r-devel-linux-x86_64-debian-gcc | 0.2.0 | 92.20 | 38.84 | 131.04 | NOTE | |
r-devel-linux-x86_64-fedora-clang | 0.2.0 | 312.74 | NOTE | |||
r-devel-linux-x86_64-fedora-gcc | 0.2.0 | 273.15 | NOTE | |||
r-devel-windows-x86_64 | 0.2.0 | 93.00 | 83.00 | 176.00 | NOTE | |
r-patched-linux-x86_64 | 0.2.0 | 116.42 | 51.80 | 168.22 | NOTE | |
r-release-linux-x86_64 | 0.2.0 | 119.22 | 52.95 | 172.17 | NOTE | |
r-release-macos-arm64 | 0.2.0 | 56.00 | NOTE | |||
r-release-windows-x86_64 | 0.2.0 | 89.00 | 83.00 | 172.00 | NOTE | |
r-oldrel-macos-arm64 | 0.2.0 | 67.00 | NOTE | |||
r-oldrel-macos-x86_64 | 0.2.0 | 116.00 | NOTE | |||
r-oldrel-windows-x86_64 | 0.2.0 | 88.00 | 92.00 | 180.00 | NOTE |
Version: 0.2.0
Check: C++ specification
Result: NOTE
Specified C++11: please drop specification unless essential
Flavors: r-devel-linux-x86_64-debian-clang, r-devel-linux-x86_64-debian-gcc, r-devel-linux-x86_64-fedora-clang, r-devel-linux-x86_64-fedora-gcc, r-devel-windows-x86_64, r-patched-linux-x86_64, r-release-linux-x86_64, r-release-macos-arm64, r-release-windows-x86_64, r-oldrel-macos-arm64, r-oldrel-macos-x86_64, r-oldrel-windows-x86_64
Version: 0.2.0
Check: installed package size
Result: NOTE
installed size is 5.2Mb
sub-directories of 1Mb or more:
data 4.8Mb
Flavors: r-devel-linux-x86_64-fedora-clang, r-devel-windows-x86_64, r-release-macos-arm64, r-release-windows-x86_64, r-oldrel-macos-arm64, r-oldrel-macos-x86_64, r-oldrel-windows-x86_64
Version: 0.2.0
Check: data for non-ASCII characters
Result: NOTE
Note: found 9796 marked UTF-8 strings
Flavors: r-devel-linux-x86_64-fedora-clang, r-devel-linux-x86_64-fedora-gcc