Last updated on 2022-07-04 12:54:08 CEST.
Flavor | Version | Tinstall | Tcheck | Ttotal | Status | Flags |
---|---|---|---|---|---|---|
r-devel-linux-x86_64-debian-clang | 0.2.0 | 119.48 | 55.49 | 174.97 | OK | |
r-devel-linux-x86_64-debian-gcc | 0.2.0 | 94.44 | 40.09 | 134.53 | OK | |
r-devel-linux-x86_64-fedora-clang | 0.2.0 | 279.50 | NOTE | |||
r-devel-linux-x86_64-fedora-gcc | 0.2.0 | 240.78 | NOTE | |||
r-devel-windows-x86_64 | 0.2.0 | 101.00 | 110.00 | 211.00 | NOTE | |
r-patched-linux-x86_64 | 0.2.0 | 102.73 | 55.59 | 158.32 | OK | |
r-release-linux-x86_64 | 0.2.0 | 98.01 | 53.76 | 151.77 | OK | |
r-release-macos-arm64 | 0.2.0 | 62.00 | NOTE | |||
r-release-macos-x86_64 | 0.2.0 | 87.00 | NOTE | |||
r-release-windows-x86_64 | 0.2.0 | 99.00 | 109.00 | 208.00 | NOTE | |
r-oldrel-macos-arm64 | 0.2.0 | 64.00 | NOTE | |||
r-oldrel-macos-x86_64 | 0.2.0 | 142.00 | NOTE | |||
r-oldrel-windows-ix86+x86_64 | 0.2.0 | 283.00 | 134.00 | 417.00 | NOTE |
Version: 0.2.0
Check: installed package size
Result: NOTE
installed size is 6.8Mb
sub-directories of 1Mb or more:
data 4.8Mb
libs 1.8Mb
Flavors: r-devel-linux-x86_64-fedora-clang, r-devel-windows-x86_64, r-release-macos-arm64, r-release-macos-x86_64, r-release-windows-x86_64, r-oldrel-macos-arm64, r-oldrel-macos-x86_64, r-oldrel-windows-ix86+x86_64
Version: 0.2.0
Check: data for non-ASCII characters
Result: NOTE
Note: found 9796 marked UTF-8 strings
Flavors: r-devel-linux-x86_64-fedora-clang, r-devel-linux-x86_64-fedora-gcc, r-release-macos-arm64, r-release-macos-x86_64, r-oldrel-macos-arm64, r-oldrel-macos-x86_64