Last updated on 2024-04-17 10:41:34 CEST.
Flavor | Version | Tinstall | Tcheck | Ttotal | Status | Flags |
---|---|---|---|---|---|---|
r-devel-linux-x86_64-debian-clang | 1.0.20 | 2.50 | 24.13 | 26.63 | NOTE | |
r-devel-linux-x86_64-debian-gcc | 1.0.20 | 1.95 | 19.35 | 21.30 | NOTE | |
r-devel-linux-x86_64-fedora-clang | 1.0.20 | 34.22 | OK | |||
r-devel-linux-x86_64-fedora-gcc | 1.0.20 | 32.52 | OK | |||
r-prerel-macos-arm64 | 1.0.20 | 16.00 | OK | |||
r-prerel-windows-x86_64 | 1.0.20 | 3.00 | 41.00 | 44.00 | OK | |
r-patched-linux-x86_64 | 1.0.20 | 1.57 | 23.50 | 25.07 | NOTE | |
r-release-linux-x86_64 | 1.0.20 | 2.01 | 23.16 | 25.17 | NOTE | |
r-release-macos-arm64 | 1.0.20 | 16.00 | OK | |||
r-release-macos-x86_64 | 1.0.20 | 22.00 | OK | |||
r-release-windows-x86_64 | 1.0.20 | 4.00 | 41.00 | 45.00 | OK | |
r-oldrel-macos-arm64 | 1.0.20 | 19.00 | OK | |||
r-oldrel-windows-x86_64 | 1.0.20 | 3.00 | 47.00 | 50.00 | OK |
Version: 1.0.20
Check: R code for possible problems
Result: NOTE
Found the following calls to attach():
File ‘doSNOW/R/doSNOW.R’:
attach(exportEnv)
See section ‘Good practice’ in ‘?attach’.
Flavors: r-devel-linux-x86_64-debian-clang, r-devel-linux-x86_64-debian-gcc, r-patched-linux-x86_64, r-release-linux-x86_64