Last updated on 2025-05-13 10:51:14 CEST.
Flavor | Version | Tinstall | Tcheck | Ttotal | Status | Flags |
---|---|---|---|---|---|---|
r-devel-linux-x86_64-debian-clang | 0.2.2 | 3.45 | 30.55 | 34.00 | OK | |
r-devel-linux-x86_64-debian-gcc | 0.2.2 | 2.89 | 26.98 | 29.87 | OK | |
r-devel-linux-x86_64-fedora-clang | 0.2.2 | 56.60 | OK | |||
r-devel-linux-x86_64-fedora-gcc | 0.2.2 | 68.36 | OK | |||
r-devel-windows-x86_64 | 0.2.2 | 4.00 | 57.00 | 61.00 | OK | |
r-patched-linux-x86_64 | 0.2.2 | 3.27 | 29.61 | 32.88 | OK | |
r-release-linux-x86_64 | 0.2.2 | 3.00 | 29.80 | 32.80 | OK | |
r-release-macos-arm64 | 0.2.2 | 5.00 | ERROR | |||
r-release-macos-x86_64 | 0.2.2 | 6.00 | ERROR | |||
r-release-windows-x86_64 | 0.2.2 | 4.00 | 58.00 | 62.00 | OK | |
r-oldrel-macos-arm64 | 0.2.2 | 10.00 | ERROR | |||
r-oldrel-macos-x86_64 | 0.2.2 | 12.00 | ERROR | |||
r-oldrel-windows-x86_64 | 0.2.2 | 5.00 | 61.00 | 66.00 | OK |
Version: 0.2.2
Check: package dependencies
Result: ERROR
Package required but not available: ‘Rmpi’
See section ‘The DESCRIPTION file’ in the ‘Writing R Extensions’
manual.
Flavors: r-release-macos-arm64, r-release-macos-x86_64, r-oldrel-macos-arm64, r-oldrel-macos-x86_64