Last updated on 2022-06-29 11:52:07 CEST.
Flavor | Version | Tinstall | Tcheck | Ttotal | Status | Flags |
---|---|---|---|---|---|---|
r-devel-linux-x86_64-debian-clang | 4.6.13 | 17.79 | 177.66 | 195.45 | OK | |
r-devel-linux-x86_64-debian-gcc | 4.6.13 | 13.73 | 134.03 | 147.76 | OK | |
r-devel-linux-x86_64-fedora-clang | 4.6.13 | 245.57 | NOTE | |||
r-devel-linux-x86_64-fedora-gcc | 4.6.13 | 252.31 | OK | |||
r-devel-windows-x86_64 | 4.6.13 | 49.00 | 260.00 | 309.00 | NOTE | |
r-patched-linux-x86_64 | 4.6.13 | 17.05 | 163.89 | 180.94 | OK | |
r-release-linux-x86_64 | 4.6.13 | 14.85 | 167.71 | 182.56 | OK | |
r-release-macos-arm64 | 4.6.13 | 76.00 | NOTE | |||
r-release-macos-x86_64 | 4.6.13 | 104.00 | NOTE | |||
r-release-windows-x86_64 | 4.6.13 | 41.00 | 243.00 | 284.00 | NOTE | |
r-oldrel-macos-arm64 | 4.6.13 | 76.00 | NOTE | |||
r-oldrel-macos-x86_64 | 4.6.13 | 103.00 | NOTE | |||
r-oldrel-windows-ix86+x86_64 | 4.6.13 | 36.00 | 242.00 | 278.00 | NOTE |
Version: 4.6.13
Check: installed package size
Result: NOTE
installed size is 5.2Mb
sub-directories of 1Mb or more:
data 4.1Mb
Flavors: r-devel-linux-x86_64-fedora-clang, r-devel-windows-x86_64, r-release-macos-arm64, r-release-macos-x86_64, r-release-windows-x86_64, r-oldrel-macos-arm64, r-oldrel-macos-x86_64, r-oldrel-windows-ix86+x86_64