Last updated on 2024-03-29 09:55:21 CET.
Flavor | Version | Tinstall | Tcheck | Ttotal | Status | Flags |
---|---|---|---|---|---|---|
r-devel-linux-x86_64-debian-clang | 1.3.1 | 8.44 | 70.97 | 79.41 | OK | |
r-devel-linux-x86_64-debian-gcc | 1.3.1 | 5.48 | 54.56 | 60.04 | OK | |
r-devel-linux-x86_64-fedora-clang | 1.3.1 | 96.36 | NOTE | |||
r-devel-linux-x86_64-fedora-gcc | 1.3.1 | 105.81 | NOTE | |||
r-devel-windows-x86_64 | 1.3.1 | 7.00 | 75.00 | 82.00 | OK | |
r-patched-linux-x86_64 | 1.3.1 | 4.67 | 67.16 | 71.83 | OK | |
r-release-linux-x86_64 | 1.3.1 | 4.86 | 67.94 | 72.80 | OK | |
r-release-macos-arm64 | 1.3.1 | 37.00 | OK | |||
r-release-macos-x86_64 | 1.3.1 | 77.00 | OK | |||
r-release-windows-x86_64 | 1.3.1 | 9.00 | 91.00 | 100.00 | OK | |
r-oldrel-macos-arm64 | 1.3.1 | 37.00 | OK | |||
r-oldrel-windows-x86_64 | 1.3.1 | 10.00 | 87.00 | 97.00 | OK |
Version: 1.3.1
Check: data for non-ASCII characters
Result: NOTE
Note: found 175 marked UTF-8 strings
Flavors: r-devel-linux-x86_64-fedora-clang, r-devel-linux-x86_64-fedora-gcc