Last updated on 2023-09-29 12:56:55 CEST.
Flavor | Version | Tinstall | Tcheck | Ttotal | Status | Flags |
---|---|---|---|---|---|---|
r-devel-linux-x86_64-debian-clang | 1.3.1 | 8.27 | 71.28 | 79.55 | OK | |
r-devel-linux-x86_64-debian-gcc | 1.3.1 | 5.20 | 53.82 | 59.02 | OK | |
r-devel-linux-x86_64-fedora-clang | 1.3.1 | 93.00 | NOTE | |||
r-devel-linux-x86_64-fedora-gcc | 1.3.1 | 103.13 | NOTE | |||
r-devel-windows-x86_64 | 1.3.1 | 7.00 | 75.00 | 82.00 | OK | |
r-patched-linux-x86_64 | 1.3.1 | 4.96 | 67.54 | 72.50 | OK | |
r-release-linux-x86_64 | 1.3.1 | 5.89 | 68.14 | 74.03 | OK | |
r-release-macos-arm64 | 1.3.1 | 37.00 | OK | |||
r-release-macos-x86_64 | 1.3.1 | 77.00 | OK | |||
r-release-windows-x86_64 | 1.3.1 | 10.00 | 91.00 | 101.00 | OK | |
r-oldrel-macos-arm64 | 1.3.1 | 37.00 | OK | |||
r-oldrel-macos-x86_64 | 1.3.1 | 50.00 | OK | |||
r-oldrel-windows-x86_64 | 1.3.1 | 10.00 | 127.00 | 137.00 | OK |
Version: 1.3.1
Check: data for non-ASCII characters
Result: NOTE
Note: found 175 marked UTF-8 strings
Flavors: r-devel-linux-x86_64-fedora-clang, r-devel-linux-x86_64-fedora-gcc