CRAN Package Check Results for Package dmai

Last updated on 2022-07-04 12:54:08 CEST.

Flavor Version Tinstall Tcheck Ttotal Status Flags
r-devel-linux-x86_64-debian-clang 0.4.0 6.09 53.78 59.87 NOTE
r-devel-linux-x86_64-debian-gcc 0.4.0 4.60 40.22 44.82 NOTE
r-devel-linux-x86_64-fedora-clang 0.4.0 81.84 NOTE
r-devel-linux-x86_64-fedora-gcc 0.4.0 78.94 NOTE
r-devel-windows-x86_64 0.4.0 12.00 73.00 85.00 NOTE
r-patched-linux-x86_64 0.4.0 5.04 50.28 55.32 NOTE
r-release-linux-x86_64 0.4.0 4.57 50.19 54.76 NOTE
r-release-macos-arm64 0.4.0 25.00 NOTE
r-release-macos-x86_64 0.4.0 44.00 NOTE
r-release-windows-x86_64 0.4.0 17.00 75.00 92.00 NOTE
r-oldrel-macos-arm64 0.4.0 33.00 NOTE
r-oldrel-macos-x86_64 0.4.0 43.00 NOTE
r-oldrel-windows-ix86+x86_64 0.4.0 17.00 73.00 90.00 NOTE

Check Details

Version: 0.4.0
Check: LazyData
Result: NOTE
     'LazyData' is specified without a 'data' directory
Flavors: r-devel-linux-x86_64-debian-clang, r-devel-linux-x86_64-debian-gcc, r-devel-linux-x86_64-fedora-clang, r-devel-linux-x86_64-fedora-gcc, r-devel-windows-x86_64, r-patched-linux-x86_64, r-release-linux-x86_64, r-release-macos-arm64, r-release-macos-x86_64, r-release-windows-x86_64, r-oldrel-macos-arm64, r-oldrel-macos-x86_64, r-oldrel-windows-ix86+x86_64