CRAN Package Check Results for Package dm

Last updated on 2023-02-06 11:04:33 CET.

Flavor Version Tinstall Tcheck Ttotal Status Flags
r-devel-linux-x86_64-debian-clang 1.0.3 18.83 555.29 574.12 ERROR
r-devel-linux-x86_64-debian-gcc 1.0.3 12.45 413.01 425.46 ERROR
r-devel-linux-x86_64-fedora-clang 1.0.3 705.35 ERROR
r-devel-linux-x86_64-fedora-gcc 1.0.3 656.25 ERROR
r-devel-windows-x86_64 1.0.3 154.00 495.00 649.00 ERROR
r-patched-linux-x86_64 1.0.3 21.97 520.87 542.84 ERROR
r-release-linux-x86_64 1.0.3 18.41 484.27 502.68 ERROR
r-release-macos-arm64 1.0.3 123.00 OK
r-release-macos-x86_64 1.0.3 150.00 OK
r-release-windows-x86_64 1.0.3 255.00 454.00 709.00 OK
r-oldrel-macos-arm64 1.0.3 131.00 OK
r-oldrel-macos-x86_64 1.0.3 176.00 OK
r-oldrel-windows-ix86+x86_64 1.0.3 37.00 450.00 487.00 ERROR

Check Details

Version: 1.0.3
Check: tests
Result: ERROR
     Running ‘testthat.R’ [309s/185s]
    Running the tests in ‘tests/testthat.R’ failed.
    Complete output:
     > library(testthat)
     >
     > # Need to use qualified call, this is checked in helper-print.R
     > testthat::test_check("dm")
     Loading required package: dm
    
     Attaching package: 'dm'
    
     The following object is masked from 'package:stats':
    
     filter
    
     Starting 2 test processes
     [ FAIL 2 | WARN 18 | SKIP 191 | PASS 1317 ]
    
     ══ Skipped tests ═══════════════════════════════════════════════════════════════
     • COMPOUND (1)
     • FIXME (2)
     • FIXME: Unstable on GHA? (1)
     • Need to think about it (1)
     • Needs https://github.com/tidyverse/dbplyr/pull/649 (2)
     • On CRAN (156)
     • Slow test. To run, set CI=true (6)
     • dm argument (1)
     • keyed = TRUE (1)
     • not testing deprecated cdm_nycflights13(): test too slow (1)
     • not testing deprecated learning from DB: test too slow (1)
     • only works on `db` (1)
     • only works on `mssql` (4)
     • only works on `mssql`, `postgres` (4)
     • only works on `mssql`, `postgres`, `maria` (4)
     • only works on `postgres` (2)
     • only works on `postgres`, `mssql` (2)
     • only works on `sqlite` (1)
    
     ══ Failed tests ════════════════════════════════════════════════════════════════
     ── Error ('test-validate.R:74'): validator speaks up when something's wrong ────
     <dplyr:::mutate_error/rlang_error/error/condition>
     Error in `mutate(., zoom = if_else(table == "tf_1", list(1), NULL))`: i In argument: `zoom = if_else(table == "tf_1", list(1), NULL)`.
     Caused by error in `if_else()`:
     ! `false` must be a vector, not `NULL`.
     ── Error ('test-zoom.R:99'): dm_update_tbl() works ─────────────────────────────
     <dplyr:::mutate_error/rlang_error/error/condition>
     Error in `mutate(., zoom = if_else(table == "tf_6", list(tf_7()), NULL),
     col_tracker_zoom = if_else(table == "tf_6", list(character()),
     NULL), )`: i In argument: `zoom = if_else(table == "tf_6", list(tf_7()), NULL)`.
     Caused by error in `if_else()`:
     ! `false` must be a vector, not `NULL`.
    
     [ FAIL 2 | WARN 18 | SKIP 191 | PASS 1317 ]
     Error: Test failures
     Execution halted
Flavor: r-devel-linux-x86_64-debian-clang

Version: 1.0.3
Check: tests
Result: ERROR
     Running ‘testthat.R’ [230s/193s]
    Running the tests in ‘tests/testthat.R’ failed.
    Complete output:
     > library(testthat)
     >
     > # Need to use qualified call, this is checked in helper-print.R
     > testthat::test_check("dm")
     Loading required package: dm
    
     Attaching package: 'dm'
    
     The following object is masked from 'package:stats':
    
     filter
    
     Starting 2 test processes
     [ FAIL 2 | WARN 18 | SKIP 191 | PASS 1317 ]
    
     ══ Skipped tests ═══════════════════════════════════════════════════════════════
     • COMPOUND (1)
     • FIXME (2)
     • FIXME: Unstable on GHA? (1)
     • Need to think about it (1)
     • Needs https://github.com/tidyverse/dbplyr/pull/649 (2)
     • On CRAN (156)
     • Slow test. To run, set CI=true (6)
     • dm argument (1)
     • keyed = TRUE (1)
     • not testing deprecated cdm_nycflights13(): test too slow (1)
     • not testing deprecated learning from DB: test too slow (1)
     • only works on `db` (1)
     • only works on `mssql` (4)
     • only works on `mssql`, `postgres` (4)
     • only works on `mssql`, `postgres`, `maria` (4)
     • only works on `postgres` (2)
     • only works on `postgres`, `mssql` (2)
     • only works on `sqlite` (1)
    
     ══ Failed tests ════════════════════════════════════════════════════════════════
     ── Error ('test-validate.R:74'): validator speaks up when something's wrong ────
     <dplyr:::mutate_error/rlang_error/error/condition>
     Error in `mutate(., zoom = if_else(table == "tf_1", list(1), NULL))`: i In argument: `zoom = if_else(table == "tf_1", list(1), NULL)`.
     Caused by error in `if_else()`:
     ! `false` must be a vector, not `NULL`.
     ── Error ('test-zoom.R:99'): dm_update_tbl() works ─────────────────────────────
     <dplyr:::mutate_error/rlang_error/error/condition>
     Error in `mutate(., zoom = if_else(table == "tf_6", list(tf_7()), NULL),
     col_tracker_zoom = if_else(table == "tf_6", list(character()),
     NULL), )`: i In argument: `zoom = if_else(table == "tf_6", list(tf_7()), NULL)`.
     Caused by error in `if_else()`:
     ! `false` must be a vector, not `NULL`.
    
     [ FAIL 2 | WARN 18 | SKIP 191 | PASS 1317 ]
     Error: Test failures
     Execution halted
Flavor: r-devel-linux-x86_64-debian-gcc

Version: 1.0.3
Check: tests
Result: ERROR
     Running ‘testthat.R’ [359s/213s]
    Running the tests in ‘tests/testthat.R’ failed.
    Complete output:
     > library(testthat)
     >
     > # Need to use qualified call, this is checked in helper-print.R
     > testthat::test_check("dm")
     Loading required package: dm
    
     Attaching package: 'dm'
    
     The following object is masked from 'package:stats':
    
     filter
    
     Starting 2 test processes
     [ FAIL 2 | WARN 18 | SKIP 191 | PASS 1317 ]
    
     ══ Skipped tests ═══════════════════════════════════════════════════════════════
     • COMPOUND (1)
     • FIXME (2)
     • FIXME: Unstable on GHA? (1)
     • Need to think about it (1)
     • Needs https://github.com/tidyverse/dbplyr/pull/649 (2)
     • On CRAN (156)
     • Slow test. To run, set CI=true (6)
     • dm argument (1)
     • keyed = TRUE (1)
     • not testing deprecated cdm_nycflights13(): test too slow (1)
     • not testing deprecated learning from DB: test too slow (1)
     • only works on `db` (1)
     • only works on `mssql` (4)
     • only works on `mssql`, `postgres` (4)
     • only works on `mssql`, `postgres`, `maria` (4)
     • only works on `postgres` (2)
     • only works on `postgres`, `mssql` (2)
     • only works on `sqlite` (1)
    
     ══ Failed tests ════════════════════════════════════════════════════════════════
     ── Error ('test-validate.R:74'): validator speaks up when something's wrong ────
     <dplyr:::mutate_error/rlang_error/error/condition>
     Error in `mutate(., zoom = if_else(table == "tf_1", list(1), NULL))`: i In argument: `zoom = if_else(table == "tf_1", list(1), NULL)`.
     Caused by error in `if_else()`:
     ! `false` must be a vector, not `NULL`.
     ── Error ('test-zoom.R:99'): dm_update_tbl() works ─────────────────────────────
     <dplyr:::mutate_error/rlang_error/error/condition>
     Error in `mutate(., zoom = if_else(table == "tf_6", list(tf_7()), NULL),
     col_tracker_zoom = if_else(table == "tf_6", list(character()),
     NULL), )`: i In argument: `zoom = if_else(table == "tf_6", list(tf_7()), NULL)`.
     Caused by error in `if_else()`:
     ! `false` must be a vector, not `NULL`.
    
     [ FAIL 2 | WARN 18 | SKIP 191 | PASS 1317 ]
     Error: Test failures
     Execution halted
Flavor: r-devel-linux-x86_64-fedora-clang

Version: 1.0.3
Check: tests
Result: ERROR
     Running ‘testthat.R’ [339s/175s]
    Running the tests in ‘tests/testthat.R’ failed.
    Complete output:
     > library(testthat)
     >
     > # Need to use qualified call, this is checked in helper-print.R
     > testthat::test_check("dm")
     Loading required package: dm
    
     Attaching package: 'dm'
    
     The following object is masked from 'package:stats':
    
     filter
    
     Starting 2 test processes
     [ FAIL 2 | WARN 18 | SKIP 191 | PASS 1317 ]
    
     ══ Skipped tests ═══════════════════════════════════════════════════════════════
     • COMPOUND (1)
     • FIXME (2)
     • FIXME: Unstable on GHA? (1)
     • Need to think about it (1)
     • Needs https://github.com/tidyverse/dbplyr/pull/649 (2)
     • On CRAN (156)
     • Slow test. To run, set CI=true (6)
     • dm argument (1)
     • keyed = TRUE (1)
     • not testing deprecated cdm_nycflights13(): test too slow (1)
     • not testing deprecated learning from DB: test too slow (1)
     • only works on `db` (1)
     • only works on `mssql` (4)
     • only works on `mssql`, `postgres` (4)
     • only works on `mssql`, `postgres`, `maria` (4)
     • only works on `postgres` (2)
     • only works on `postgres`, `mssql` (2)
     • only works on `sqlite` (1)
    
     ══ Failed tests ════════════════════════════════════════════════════════════════
     ── Error ('test-validate.R:74'): validator speaks up when something's wrong ────
     <dplyr:::mutate_error/rlang_error/error/condition>
     Error in `mutate(., zoom = if_else(table == "tf_1", list(1), NULL))`: i In argument: `zoom = if_else(table == "tf_1", list(1), NULL)`.
     Caused by error in `if_else()`:
     ! `false` must be a vector, not `NULL`.
     ── Error ('test-zoom.R:99'): dm_update_tbl() works ─────────────────────────────
     <dplyr:::mutate_error/rlang_error/error/condition>
     Error in `mutate(., zoom = if_else(table == "tf_6", list(tf_7()), NULL),
     col_tracker_zoom = if_else(table == "tf_6", list(character()),
     NULL), )`: i In argument: `zoom = if_else(table == "tf_6", list(tf_7()), NULL)`.
     Caused by error in `if_else()`:
     ! `false` must be a vector, not `NULL`.
    
     [ FAIL 2 | WARN 18 | SKIP 191 | PASS 1317 ]
     Error: Test failures
     Execution halted
Flavor: r-devel-linux-x86_64-fedora-gcc

Version: 1.0.3
Check: tests
Result: ERROR
     Running 'testthat.R' [165s]
    Running the tests in 'tests/testthat.R' failed.
    Complete output:
     > library(testthat)
     >
     > # Need to use qualified call, this is checked in helper-print.R
     > testthat::test_check("dm")
     Loading required package: dm
    
     Attaching package: 'dm'
    
     The following object is masked from 'package:stats':
    
     filter
    
     Starting 2 test processes
     [ FAIL 2 | WARN 18 | SKIP 191 | PASS 1317 ]
    
     ══ Skipped tests ═══════════════════════════════════════════════════════════════
     • COMPOUND (1)
     • FIXME (2)
     • FIXME: Unstable on GHA? (1)
     • Need to think about it (1)
     • Needs https://github.com/tidyverse/dbplyr/pull/649 (2)
     • On CRAN (156)
     • Slow test. To run, set CI=true (6)
     • dm argument (1)
     • keyed = TRUE (1)
     • not testing deprecated cdm_nycflights13(): test too slow (1)
     • not testing deprecated learning from DB: test too slow (1)
     • only works on `db` (1)
     • only works on `mssql` (4)
     • only works on `mssql`, `postgres` (4)
     • only works on `mssql`, `postgres`, `maria` (4)
     • only works on `postgres` (2)
     • only works on `postgres`, `mssql` (2)
     • only works on `sqlite` (1)
    
     ══ Failed tests ════════════════════════════════════════════════════════════════
     ── Error ('test-validate.R:74'): validator speaks up when something's wrong ────
     <dplyr:::mutate_error/rlang_error/error/condition>
     Error in `mutate(., zoom = if_else(table == "tf_1", list(1), NULL))`: i In argument: `zoom = if_else(table == "tf_1", list(1), NULL)`.
     Caused by error in `if_else()`:
     ! `false` must be a vector, not `NULL`.
     ── Error ('test-zoom.R:99'): dm_update_tbl() works ─────────────────────────────
     <dplyr:::mutate_error/rlang_error/error/condition>
     Error in `mutate(., zoom = if_else(table == "tf_6", list(tf_7()), NULL),
     col_tracker_zoom = if_else(table == "tf_6", list(character()),
     NULL), )`: i In argument: `zoom = if_else(table == "tf_6", list(tf_7()), NULL)`.
     Caused by error in `if_else()`:
     ! `false` must be a vector, not `NULL`.
    
     [ FAIL 2 | WARN 18 | SKIP 191 | PASS 1317 ]
     Error: Test failures
     Execution halted
Flavor: r-devel-windows-x86_64

Version: 1.0.3
Check: tests
Result: ERROR
     Running ‘testthat.R’ [291s/180s]
    Running the tests in ‘tests/testthat.R’ failed.
    Complete output:
     > library(testthat)
     >
     > # Need to use qualified call, this is checked in helper-print.R
     > testthat::test_check("dm")
     Loading required package: dm
    
     Attaching package: 'dm'
    
     The following object is masked from 'package:stats':
    
     filter
    
     Starting 2 test processes
     [ FAIL 2 | WARN 18 | SKIP 191 | PASS 1317 ]
    
     ══ Skipped tests ═══════════════════════════════════════════════════════════════
     • COMPOUND (1)
     • FIXME (2)
     • FIXME: Unstable on GHA? (1)
     • Need to think about it (1)
     • Needs https://github.com/tidyverse/dbplyr/pull/649 (2)
     • On CRAN (156)
     • Slow test. To run, set CI=true (6)
     • dm argument (1)
     • keyed = TRUE (1)
     • not testing deprecated cdm_nycflights13(): test too slow (1)
     • not testing deprecated learning from DB: test too slow (1)
     • only works on `db` (1)
     • only works on `mssql` (4)
     • only works on `mssql`, `postgres` (4)
     • only works on `mssql`, `postgres`, `maria` (4)
     • only works on `postgres` (2)
     • only works on `postgres`, `mssql` (2)
     • only works on `sqlite` (1)
    
     ══ Failed tests ════════════════════════════════════════════════════════════════
     ── Error ('test-validate.R:74'): validator speaks up when something's wrong ────
     <dplyr:::mutate_error/rlang_error/error/condition>
     Error in `mutate(., zoom = if_else(table == "tf_1", list(1), NULL))`: i In argument: `zoom = if_else(table == "tf_1", list(1), NULL)`.
     Caused by error in `if_else()`:
     ! `false` must be a vector, not `NULL`.
     ── Error ('test-zoom.R:99'): dm_update_tbl() works ─────────────────────────────
     <dplyr:::mutate_error/rlang_error/error/condition>
     Error in `mutate(., zoom = if_else(table == "tf_6", list(tf_7()), NULL),
     col_tracker_zoom = if_else(table == "tf_6", list(character()),
     NULL), )`: i In argument: `zoom = if_else(table == "tf_6", list(tf_7()), NULL)`.
     Caused by error in `if_else()`:
     ! `false` must be a vector, not `NULL`.
    
     [ FAIL 2 | WARN 18 | SKIP 191 | PASS 1317 ]
     Error: Test failures
     Execution halted
Flavor: r-patched-linux-x86_64

Version: 1.0.3
Check: tests
Result: ERROR
     Running ‘testthat.R’ [291s/178s]
    Running the tests in ‘tests/testthat.R’ failed.
    Complete output:
     > library(testthat)
     >
     > # Need to use qualified call, this is checked in helper-print.R
     > testthat::test_check("dm")
     Loading required package: dm
    
     Attaching package: 'dm'
    
     The following object is masked from 'package:stats':
    
     filter
    
     Starting 2 test processes
     [ FAIL 2 | WARN 18 | SKIP 191 | PASS 1317 ]
    
     ══ Skipped tests ═══════════════════════════════════════════════════════════════
     • COMPOUND (1)
     • FIXME (2)
     • FIXME: Unstable on GHA? (1)
     • Need to think about it (1)
     • Needs https://github.com/tidyverse/dbplyr/pull/649 (2)
     • On CRAN (156)
     • Slow test. To run, set CI=true (6)
     • dm argument (1)
     • keyed = TRUE (1)
     • not testing deprecated cdm_nycflights13(): test too slow (1)
     • not testing deprecated learning from DB: test too slow (1)
     • only works on `db` (1)
     • only works on `mssql` (4)
     • only works on `mssql`, `postgres` (4)
     • only works on `mssql`, `postgres`, `maria` (4)
     • only works on `postgres` (2)
     • only works on `postgres`, `mssql` (2)
     • only works on `sqlite` (1)
    
     ══ Failed tests ════════════════════════════════════════════════════════════════
     ── Error ('test-validate.R:74'): validator speaks up when something's wrong ────
     <dplyr:::mutate_error/rlang_error/error/condition>
     Error in `mutate(., zoom = if_else(table == "tf_1", list(1), NULL))`: i In argument: `zoom = if_else(table == "tf_1", list(1), NULL)`.
     Caused by error in `if_else()`:
     ! `false` must be a vector, not `NULL`.
     ── Error ('test-zoom.R:99'): dm_update_tbl() works ─────────────────────────────
     <dplyr:::mutate_error/rlang_error/error/condition>
     Error in `mutate(., zoom = if_else(table == "tf_6", list(tf_7()), NULL),
     col_tracker_zoom = if_else(table == "tf_6", list(character()),
     NULL), )`: i In argument: `zoom = if_else(table == "tf_6", list(tf_7()), NULL)`.
     Caused by error in `if_else()`:
     ! `false` must be a vector, not `NULL`.
    
     [ FAIL 2 | WARN 18 | SKIP 191 | PASS 1317 ]
     Error: Test failures
     Execution halted
Flavor: r-release-linux-x86_64

Version: 1.0.3
Check: tests
Result: ERROR
     Running 'testthat.R' [171s]
    Running the tests in 'tests/testthat.R' failed.
    Complete output:
     > library(testthat)
     >
     > # Need to use qualified call, this is checked in helper-print.R
     > testthat::test_check("dm")
     Loading required package: dm
    
     Attaching package: 'dm'
    
     The following object is masked from 'package:stats':
    
     filter
    
     Starting 2 test processes
     [ FAIL 2 | WARN 18 | SKIP 191 | PASS 1317 ]
    
     == Skipped tests ===============================================================
     * COMPOUND (1)
     * FIXME (2)
     * FIXME: Unstable on GHA? (1)
     * Need to think about it (1)
     * Needs https://github.com/tidyverse/dbplyr/pull/649 (2)
     * On CRAN (155)
     * Slow test. To run, set CI=true (6)
     * dm argument (1)
     * getRversion() < "4.2" is TRUE (1)
     * keyed = TRUE (1)
     * not testing deprecated cdm_nycflights13(): test too slow (1)
     * not testing deprecated learning from DB: test too slow (1)
     * only works on `db` (1)
     * only works on `mssql` (4)
     * only works on `mssql`, `postgres` (4)
     * only works on `mssql`, `postgres`, `maria` (4)
     * only works on `postgres` (2)
     * only works on `postgres`, `mssql` (2)
     * only works on `sqlite` (1)
    
     == Failed tests ================================================================
     -- Error ('test-validate.R:74'): validator speaks up when something's wrong ----
     <dplyr:::mutate_error/rlang_error/error/condition>
     Error in `mutate(., zoom = if_else(table == "tf_1", list(1), NULL))`: i In argument: `zoom = if_else(table == "tf_1", list(1), NULL)`.
     Caused by error in `if_else()`:
     ! `false` must be a vector, not `NULL`.
     -- Error ('test-zoom.R:99'): dm_update_tbl() works -----------------------------
     <dplyr:::mutate_error/rlang_error/error/condition>
     Error in `mutate(., zoom = if_else(table == "tf_6", list(tf_7()), NULL),
     col_tracker_zoom = if_else(table == "tf_6", list(character()),
     NULL), )`: i In argument: `zoom = if_else(table == "tf_6", list(tf_7()), NULL)`.
     Caused by error in `if_else()`:
     ! `false` must be a vector, not `NULL`.
    
     [ FAIL 2 | WARN 18 | SKIP 191 | PASS 1317 ]
     Error: Test failures
     Execution halted
Flavor: r-oldrel-windows-ix86+x86_64