CRAN Package Check Results for Package dlbayes

Last updated on 2022-06-29 11:52:07 CEST.

Flavor Version Tinstall Tcheck Ttotal Status Flags
r-devel-linux-x86_64-debian-clang 0.1.0 2.58 46.86 49.44 NOTE
r-devel-linux-x86_64-debian-gcc 0.1.0 1.57 35.30 36.87 NOTE
r-devel-linux-x86_64-fedora-clang 0.1.0 69.10 NOTE
r-devel-linux-x86_64-fedora-gcc 0.1.0 69.99 NOTE
r-devel-windows-x86_64 0.1.0 8.00 71.00 79.00 NOTE
r-patched-linux-x86_64 0.1.0 2.31 46.73 49.04 NOTE
r-release-linux-x86_64 0.1.0 1.95 46.32 48.27 NOTE
r-release-macos-arm64 0.1.0 20.00 NOTE
r-release-macos-x86_64 0.1.0 31.00 NOTE
r-release-windows-x86_64 0.1.0 11.00 71.00 82.00 NOTE
r-oldrel-macos-arm64 0.1.0 27.00 NOTE
r-oldrel-macos-x86_64 0.1.0 33.00 NOTE
r-oldrel-windows-ix86+x86_64 0.1.0 5.00 69.00 74.00 NOTE

Check Details

Version: 0.1.0
Check: LazyData
Result: NOTE
     'LazyData' is specified without a 'data' directory
Flavors: r-devel-linux-x86_64-debian-clang, r-devel-linux-x86_64-debian-gcc, r-devel-linux-x86_64-fedora-clang, r-devel-linux-x86_64-fedora-gcc, r-devel-windows-x86_64, r-patched-linux-x86_64, r-release-linux-x86_64, r-release-macos-arm64, r-release-macos-x86_64, r-release-windows-x86_64, r-oldrel-macos-arm64, r-oldrel-macos-x86_64, r-oldrel-windows-ix86+x86_64