Last updated on 2023-02-02 11:53:57 CET.
Flavor | Version | Tinstall | Tcheck | Ttotal | Status | Flags |
---|---|---|---|---|---|---|
r-devel-linux-x86_64-debian-clang | 0.1.3 | 3.67 | 86.19 | 89.86 | NOTE | |
r-devel-linux-x86_64-debian-gcc | 0.1.3 | 2.51 | 62.38 | 64.89 | NOTE | |
r-devel-linux-x86_64-fedora-clang | 0.1.3 | 107.40 | NOTE | |||
r-devel-linux-x86_64-fedora-gcc | 0.1.3 | 115.33 | NOTE | |||
r-devel-windows-x86_64 | 0.1.3 | 554.00 | 152.00 | 706.00 | NOTE | |
r-patched-linux-x86_64 | 0.1.3 | 3.60 | 79.44 | 83.04 | NOTE | |
r-release-linux-x86_64 | 0.1.3 | 2.99 | 81.13 | 84.12 | NOTE | |
r-release-macos-arm64 | 0.1.3 | 35.00 | NOTE | |||
r-release-macos-x86_64 | 0.1.3 | 59.00 | NOTE | |||
r-release-windows-x86_64 | 0.1.3 | 214.00 | 143.00 | 357.00 | NOTE | |
r-oldrel-macos-arm64 | 0.1.3 | 38.00 | NOTE | |||
r-oldrel-macos-x86_64 | 0.1.3 | 61.00 | NOTE | |||
r-oldrel-windows-ix86+x86_64 | 0.1.3 | 8.00 | 143.00 | 151.00 | NOTE |
Version: 0.1.3
Check: LazyData
Result: NOTE
'LazyData' is specified without a 'data' directory
Flavors: r-devel-linux-x86_64-debian-clang, r-devel-linux-x86_64-debian-gcc, r-devel-linux-x86_64-fedora-clang, r-devel-linux-x86_64-fedora-gcc, r-devel-windows-x86_64, r-patched-linux-x86_64, r-release-linux-x86_64, r-release-macos-arm64, r-release-macos-x86_64, r-release-windows-x86_64, r-oldrel-macos-arm64, r-oldrel-macos-x86_64, r-oldrel-windows-ix86+x86_64