CRAN Package Check Results for Package dkanr

Last updated on 2022-07-03 11:53:36 CEST.

Flavor Version Tinstall Tcheck Ttotal Status Flags
r-devel-linux-x86_64-debian-clang 0.1.3 3.82 77.01 80.83 NOTE
r-devel-linux-x86_64-debian-gcc 0.1.3 2.79 57.76 60.55 NOTE
r-devel-linux-x86_64-fedora-clang 0.1.3 104.56 NOTE
r-devel-linux-x86_64-fedora-gcc 0.1.3 105.64 NOTE
r-devel-windows-x86_64 0.1.3 417.00 143.00 560.00 NOTE
r-patched-linux-x86_64 0.1.3 2.89 75.54 78.43 NOTE
r-release-linux-x86_64 0.1.3 3.44 74.23 77.67 NOTE
r-release-macos-arm64 0.1.3 35.00 NOTE
r-release-macos-x86_64 0.1.3 59.00 NOTE
r-release-windows-x86_64 0.1.3 133.00 135.00 268.00 NOTE
r-oldrel-macos-arm64 0.1.3 38.00 NOTE
r-oldrel-macos-x86_64 0.1.3 61.00 NOTE
r-oldrel-windows-ix86+x86_64 0.1.3 8.00 126.00 134.00 NOTE

Check Details

Version: 0.1.3
Check: LazyData
Result: NOTE
     'LazyData' is specified without a 'data' directory
Flavors: r-devel-linux-x86_64-debian-clang, r-devel-linux-x86_64-debian-gcc, r-devel-linux-x86_64-fedora-clang, r-devel-linux-x86_64-fedora-gcc, r-devel-windows-x86_64, r-patched-linux-x86_64, r-release-linux-x86_64, r-release-macos-arm64, r-release-macos-x86_64, r-release-windows-x86_64, r-oldrel-macos-arm64, r-oldrel-macos-x86_64, r-oldrel-windows-ix86+x86_64