Last updated on 2024-08-16 12:49:06 CEST.
Flavor | Version | Tinstall | Tcheck | Ttotal | Status | Flags |
---|---|---|---|---|---|---|
r-devel-linux-x86_64-debian-clang | 1.0.0 | 2.27 | 244.94 | 247.21 | OK | |
r-devel-linux-x86_64-debian-gcc | 1.0.0 | 1.94 | 163.56 | 165.50 | OK | |
r-devel-linux-x86_64-fedora-clang | 1.0.0 | 424.68 | NOTE | |||
r-devel-linux-x86_64-fedora-gcc | 1.0.0 | 429.94 | OK | |||
r-devel-windows-x86_64 | 1.0.0 | 6.00 | 337.00 | 343.00 | OK | |
r-patched-linux-x86_64 | 1.0.0 | 3.47 | 234.63 | 238.10 | OK | |
r-release-linux-x86_64 | 1.0.0 | 2.85 | 238.42 | 241.27 | OK | |
r-release-macos-arm64 | 1.0.0 | 121.00 | OK | |||
r-release-macos-x86_64 | 1.0.0 | 200.00 | OK | |||
r-release-windows-x86_64 | 1.0.0 | 6.00 | 330.00 | 336.00 | OK | |
r-oldrel-macos-arm64 | 1.0.0 | 122.00 | OK | |||
r-oldrel-macos-x86_64 | 1.0.0 | 259.00 | OK | |||
r-oldrel-windows-x86_64 | 1.0.0 | 6.00 | 360.00 | 366.00 | OK |
Version: 1.0.0
Check: Rd cross-references
Result: NOTE
Undeclared package ‘palaeoverse’ in Rd xrefs
Flavor: r-devel-linux-x86_64-fedora-clang