Last updated on 2022-07-02 12:53:01 CEST.
Flavor | Version | Tinstall | Tcheck | Ttotal | Status | Flags |
---|---|---|---|---|---|---|
r-devel-linux-x86_64-debian-clang | 0.1.2 | 8.36 | 85.49 | 93.85 | OK | |
r-devel-linux-x86_64-debian-gcc | 0.1.2 | 5.94 | 63.94 | 69.88 | OK | |
r-devel-linux-x86_64-fedora-clang | 0.1.2 | 124.25 | WARN | |||
r-devel-linux-x86_64-fedora-gcc | 0.1.2 | 124.32 | WARN | |||
r-devel-windows-x86_64 | 0.1.2 | 15.00 | 103.00 | 118.00 | OK | |
r-patched-linux-x86_64 | 0.1.2 | 9.54 | 91.25 | 100.79 | OK | |
r-release-linux-x86_64 | 0.1.2 | 9.48 | 89.56 | 99.04 | OK | |
r-release-macos-arm64 | 0.1.2 | 66.00 | NOTE | |||
r-release-macos-x86_64 | 0.1.2 | 102.00 | NOTE | |||
r-release-windows-x86_64 | 0.1.2 | 13.00 | 111.00 | 124.00 | OK | |
r-oldrel-macos-arm64 | 0.1.2 | 57.00 | NOTE | |||
r-oldrel-macos-x86_64 | 0.1.2 | 55.00 | NOTE | |||
r-oldrel-windows-ix86+x86_64 | 0.1.2 | 26.00 | 102.00 | 128.00 | OK |
Version: 0.1.2
Check: package dependencies
Result: WARN
Requires (indirectly) orphaned package: ‘gtools’
Flavors: r-devel-linux-x86_64-fedora-clang, r-devel-linux-x86_64-fedora-gcc
Version: 0.1.2
Check: dependencies in R code
Result: NOTE
Namespaces in Imports field not imported from:
‘ggmulti’ ‘loon’ ‘loon.data’ ‘loon.ggplot’ ‘loon.shiny’ ‘loon.tourr’
‘stats’ ‘zenplots’
All declared Imports should be used.
Flavors: r-devel-linux-x86_64-fedora-clang, r-devel-linux-x86_64-fedora-gcc, r-release-macos-arm64, r-release-macos-x86_64, r-oldrel-macos-arm64, r-oldrel-macos-x86_64