Last updated on 2023-01-29 12:55:26 CET.
Flavor | Version | Tinstall | Tcheck | Ttotal | Status | Flags |
---|---|---|---|---|---|---|
r-devel-linux-x86_64-debian-clang | 0.3.1 | 12.06 | 96.10 | 108.16 | OK | |
r-devel-linux-x86_64-debian-gcc | 0.3.1 | 9.36 | 71.41 | 80.77 | OK | |
r-devel-linux-x86_64-fedora-clang | 0.3.1 | 143.96 | NOTE | |||
r-devel-linux-x86_64-fedora-gcc | 0.3.1 | 134.83 | NOTE | |||
r-devel-windows-x86_64 | 0.3.1 | 61.00 | 132.00 | 193.00 | OK | |
r-patched-linux-x86_64 | 0.3.1 | 11.44 | 93.48 | 104.92 | OK | |
r-release-linux-x86_64 | 0.3.1 | 7.87 | 94.77 | 102.64 | OK | |
r-release-macos-arm64 | 0.3.1 | 39.00 | NOTE | |||
r-release-macos-x86_64 | 0.3.1 | 64.00 | NOTE | |||
r-release-windows-x86_64 | 0.3.1 | 67.00 | 126.00 | 193.00 | OK | |
r-oldrel-macos-arm64 | 0.3.1 | 39.00 | NOTE | |||
r-oldrel-macos-x86_64 | 0.3.1 | 74.00 | NOTE | |||
r-oldrel-windows-ix86+x86_64 | 0.3.1 | 29.00 | 131.00 | 160.00 | OK |
Version: 0.3.1
Check: dependencies in R code
Result: NOTE
Namespaces in Imports field not imported from:
‘gridExtra’ ‘plotly’ ‘pryr’ ‘rpart’
All declared Imports should be used.
Flavors: r-devel-linux-x86_64-fedora-clang, r-devel-linux-x86_64-fedora-gcc, r-release-macos-arm64, r-release-macos-x86_64, r-oldrel-macos-arm64, r-oldrel-macos-x86_64