Last updated on 2023-09-26 13:08:29 CEST.
Flavor | Version | Tinstall | Tcheck | Ttotal | Status | Flags |
---|---|---|---|---|---|---|
r-devel-linux-x86_64-debian-clang | 0.3.1 | 10.53 | 69.08 | 79.61 | OK | |
r-devel-linux-x86_64-debian-gcc | 0.3.1 | 8.23 | 50.84 | 59.07 | OK | |
r-devel-linux-x86_64-fedora-clang | 0.3.1 | 95.71 | NOTE | |||
r-devel-linux-x86_64-fedora-gcc | 0.3.1 | 94.50 | NOTE | |||
r-devel-windows-x86_64 | 0.3.1 | 10.00 | 71.00 | 81.00 | OK | |
r-patched-linux-x86_64 | 0.3.1 | 9.03 | 64.83 | 73.86 | OK | |
r-release-linux-x86_64 | 0.3.1 | 6.12 | 64.95 | 71.07 | OK | |
r-release-macos-arm64 | 0.3.1 | 30.00 | OK | |||
r-release-macos-x86_64 | 0.3.1 | 55.00 | OK | |||
r-release-windows-x86_64 | 0.3.1 | 14.00 | 80.00 | 94.00 | OK | |
r-oldrel-macos-arm64 | 0.3.1 | 39.00 | NOTE | |||
r-oldrel-macos-x86_64 | 0.3.1 | 64.00 | NOTE | |||
r-oldrel-windows-x86_64 | 0.3.1 | 14.00 | 92.00 | 106.00 | OK |
Version: 0.3.1
Check: dependencies in R code
Result: NOTE
Namespaces in Imports field not imported from:
‘gridExtra’ ‘plotly’ ‘pryr’ ‘rpart’
All declared Imports should be used.
Flavors: r-devel-linux-x86_64-fedora-clang, r-devel-linux-x86_64-fedora-gcc, r-oldrel-macos-arm64, r-oldrel-macos-x86_64