Last updated on 2024-04-19 11:56:43 CEST.
Flavor | Version | Tinstall | Tcheck | Ttotal | Status | Flags |
---|---|---|---|---|---|---|
r-devel-linux-x86_64-debian-clang | 0.3.1 | 10.61 | 67.68 | 78.29 | OK | |
r-devel-linux-x86_64-debian-gcc | 0.3.1 | OK | ||||
r-devel-linux-x86_64-fedora-clang | 0.3.1 | 95.19 | NOTE | |||
r-devel-linux-x86_64-fedora-gcc | 0.3.1 | 92.47 | NOTE | |||
r-prerel-macos-arm64 | 0.3.1 | 29.00 | OK | |||
r-prerel-windows-x86_64 | 0.3.1 | 10.00 | 71.00 | 81.00 | OK | |
r-patched-linux-x86_64 | 0.3.1 | 6.04 | 64.39 | 70.43 | OK | |
r-release-linux-x86_64 | 0.3.1 | 6.24 | 63.47 | 69.71 | OK | |
r-release-macos-arm64 | 0.3.1 | 30.00 | OK | |||
r-release-macos-x86_64 | 0.3.1 | 55.00 | OK | |||
r-release-windows-x86_64 | 0.3.1 | 12.00 | 81.00 | 93.00 | OK | |
r-oldrel-macos-arm64 | 0.3.1 | 39.00 | NOTE | |||
r-oldrel-windows-x86_64 | 0.3.1 | 13.00 | 93.00 | 106.00 | OK |
Version: 0.3.1
Check: dependencies in R code
Result: NOTE
Namespaces in Imports field not imported from:
‘gridExtra’ ‘plotly’ ‘pryr’ ‘rpart’
All declared Imports should be used.
Flavors: r-devel-linux-x86_64-fedora-clang, r-devel-linux-x86_64-fedora-gcc, r-oldrel-macos-arm64