Last updated on 2025-10-21 11:53:21 CEST.
Flavor | Version | Tinstall | Tcheck | Ttotal | Status | Flags |
---|---|---|---|---|---|---|
r-devel-linux-x86_64-debian-clang | 0.1.9 | 3.89 | 107.52 | 111.41 | NOTE | |
r-devel-linux-x86_64-debian-gcc | 0.1.9 | 3.14 | 77.96 | 81.10 | NOTE | |
r-devel-linux-x86_64-fedora-clang | 0.1.9 | 172.70 | OK | |||
r-devel-linux-x86_64-fedora-gcc | 0.1.9 | 11.00 | 163.82 | 174.82 | OK | |
r-devel-windows-x86_64 | 0.1.9 | 7.00 | 124.00 | 131.00 | OK | |
r-patched-linux-x86_64 | 0.1.9 | 4.45 | 100.08 | 104.53 | OK | |
r-release-linux-x86_64 | 0.1.9 | 4.12 | 99.01 | 103.13 | OK | |
r-release-macos-arm64 | 0.1.9 | 57.00 | OK | |||
r-release-macos-x86_64 | 0.1.9 | 6.00 | 112.00 | 118.00 | OK | |
r-release-windows-x86_64 | 0.1.9 | 7.00 | 127.00 | 134.00 | OK | |
r-oldrel-macos-arm64 | 0.1.9 | 111.00 | OK | |||
r-oldrel-macos-x86_64 | 0.1.9 | 149.00 | OK | |||
r-oldrel-windows-x86_64 | 0.1.9 | 10.00 | 149.00 | 159.00 | OK |
Version: 0.1.9
Check: HTML version of manual
Result: NOTE
Found the following HTML validation problems:
mock-db-methods.html:183:1 (mock-db-methods.Rd:132): Warning: missing </ul> before </div>
Flavors: r-devel-linux-x86_64-debian-clang, r-devel-linux-x86_64-debian-gcc