CRAN Package Check Results for Package distcrete

Last updated on 2022-07-04 12:54:08 CEST.

Flavor Version Tinstall Tcheck Ttotal Status Flags
r-devel-linux-x86_64-debian-clang 1.0.3 1.81 26.63 28.44 NOTE
r-devel-linux-x86_64-debian-gcc 1.0.3 1.49 21.13 22.62 NOTE
r-devel-linux-x86_64-fedora-clang 1.0.3 46.04 NOTE
r-devel-linux-x86_64-fedora-gcc 1.0.3 45.05 NOTE
r-devel-windows-x86_64 1.0.3 20.00 53.00 73.00 NOTE
r-patched-linux-x86_64 1.0.3 1.61 26.30 27.91 NOTE
r-release-linux-x86_64 1.0.3 1.75 26.23 27.98 NOTE
r-release-macos-arm64 1.0.3 15.00 NOTE
r-release-macos-x86_64 1.0.3 24.00 NOTE
r-release-windows-x86_64 1.0.3 18.00 53.00 71.00 NOTE
r-oldrel-macos-arm64 1.0.3 19.00 NOTE
r-oldrel-macos-x86_64 1.0.3 30.00 NOTE
r-oldrel-windows-ix86+x86_64 1.0.3 5.00 48.00 53.00 NOTE

Check Details

Version: 1.0.3
Check: LazyData
Result: NOTE
     'LazyData' is specified without a 'data' directory
Flavors: r-devel-linux-x86_64-debian-clang, r-devel-linux-x86_64-debian-gcc, r-devel-linux-x86_64-fedora-clang, r-devel-linux-x86_64-fedora-gcc, r-devel-windows-x86_64, r-patched-linux-x86_64, r-release-linux-x86_64, r-release-macos-arm64, r-release-macos-x86_64, r-release-windows-x86_64, r-oldrel-macos-arm64, r-oldrel-macos-x86_64, r-oldrel-windows-ix86+x86_64