CRAN Package Check Results for Package distance.sample.size

Last updated on 2022-07-04 12:54:08 CEST.

Flavor Version Tinstall Tcheck Ttotal Status Flags
r-devel-linux-x86_64-debian-clang 0.0 1.69 23.18 24.87 NOTE
r-devel-linux-x86_64-debian-gcc 0.0 1.45 17.74 19.19 NOTE
r-devel-linux-x86_64-fedora-clang 0.0 41.29 NOTE
r-devel-linux-x86_64-fedora-gcc 0.0 40.15 NOTE
r-devel-windows-x86_64 0.0 77.00 51.00 128.00 NOTE
r-patched-linux-x86_64 0.0 1.99 22.19 24.18 NOTE
r-release-linux-x86_64 0.0 1.57 21.97 23.54 NOTE
r-release-macos-arm64 0.0 15.00 NOTE
r-release-macos-x86_64 0.0 22.00 NOTE
r-release-windows-x86_64 0.0 4.00 54.00 58.00 NOTE
r-oldrel-macos-arm64 0.0 15.00 NOTE
r-oldrel-macos-x86_64 0.0 28.00 NOTE
r-oldrel-windows-ix86+x86_64 0.0 5.00 40.00 45.00 NOTE

Check Details

Version: 0.0
Check: LazyData
Result: NOTE
     'LazyData' is specified without a 'data' directory
Flavors: r-devel-linux-x86_64-debian-clang, r-devel-linux-x86_64-debian-gcc, r-devel-linux-x86_64-fedora-clang, r-devel-linux-x86_64-fedora-gcc, r-devel-windows-x86_64, r-patched-linux-x86_64, r-release-linux-x86_64, r-release-macos-arm64, r-release-macos-x86_64, r-release-windows-x86_64, r-oldrel-macos-arm64, r-oldrel-macos-x86_64, r-oldrel-windows-ix86+x86_64