Last updated on 2022-07-01 11:51:58 CEST.
Flavor | Version | Tinstall | Tcheck | Ttotal | Status | Flags |
---|---|---|---|---|---|---|
r-devel-linux-x86_64-debian-clang | 0.1.2 | 2.44 | 21.99 | 24.43 | NOTE | |
r-devel-linux-x86_64-debian-gcc | 0.1.2 | 1.86 | 17.05 | 18.91 | NOTE | |
r-devel-linux-x86_64-fedora-clang | 0.1.2 | 40.11 | NOTE | |||
r-devel-linux-x86_64-fedora-gcc | 0.1.2 | 39.51 | NOTE | |||
r-devel-windows-x86_64 | 0.1.2 | 14.00 | 47.00 | 61.00 | NOTE | |
r-patched-linux-x86_64 | 0.1.2 | 2.46 | 21.56 | 24.02 | NOTE | |
r-release-linux-x86_64 | 0.1.2 | 2.36 | 21.13 | 23.49 | NOTE | |
r-release-macos-arm64 | 0.1.2 | 15.00 | NOTE | |||
r-release-macos-x86_64 | 0.1.2 | 20.00 | NOTE | |||
r-release-windows-x86_64 | 0.1.2 | 22.00 | 48.00 | 70.00 | NOTE | |
r-oldrel-macos-arm64 | 0.1.2 | 20.00 | NOTE | |||
r-oldrel-macos-x86_64 | 0.1.2 | 25.00 | NOTE | |||
r-oldrel-windows-ix86+x86_64 | 0.1.2 | 5.00 | 39.00 | 44.00 | NOTE |
Version: 0.1.2
Check: LazyData
Result: NOTE
'LazyData' is specified without a 'data' directory
Flavors: r-devel-linux-x86_64-debian-clang, r-devel-linux-x86_64-debian-gcc, r-devel-linux-x86_64-fedora-clang, r-devel-linux-x86_64-fedora-gcc, r-devel-windows-x86_64, r-patched-linux-x86_64, r-release-linux-x86_64, r-release-macos-arm64, r-release-macos-x86_64, r-release-windows-x86_64, r-oldrel-macos-arm64, r-oldrel-macos-x86_64, r-oldrel-windows-ix86+x86_64