CRAN Package Check Results for Package dispositionEffect

Last updated on 2024-02-26 12:54:21 CET.

Flavor Version Tinstall Tcheck Ttotal Status Flags
r-devel-linux-x86_64-debian-clang 1.0.1 5.06 157.09 162.15 OK
r-devel-linux-x86_64-debian-gcc 1.0.1 3.76 117.78 121.54 OK
r-devel-linux-x86_64-fedora-clang 1.0.1 194.28 OK
r-devel-linux-x86_64-fedora-gcc 1.0.1 202.57 OK
r-devel-windows-x86_64 1.0.1 6.00 126.00 132.00 OK
r-patched-linux-x86_64 1.0.1 5.28 150.01 155.29 OK
r-release-linux-x86_64 1.0.1 3.98 151.08 155.06 OK
r-release-macos-arm64 1.0.1 67.00 ERROR
r-release-macos-x86_64 1.0.1 132.00 ERROR
r-release-windows-x86_64 1.0.1 9.00 166.00 175.00 OK
r-oldrel-macos-arm64 1.0.1 62.00 ERROR
r-oldrel-windows-x86_64 1.0.1 8.00 166.00 174.00 OK

Check Details

Version: 1.0.1
Check: tests
Result: ERROR Running ‘testthat.R’ [4s/4s] Running the tests in ‘tests/testthat.R’ failed. Last 13 lines of output: realized_duration(...) not equal to c(...). 1/4 mismatches [1] 29 - 28 == 1 ── Failure ('test-realized_duration.R:158:2'): realized_duration works (realized_only = TRUE) ── realized_duration(...) not equal to c(...). 1/4 mismatches [2] 29 - 28 == 1 ── Failure ('test-realized_duration.R:161:2'): realized_duration works (realized_only = TRUE) ── realized_duration(...) not equal to c(...). 1/4 mismatches [1] 29 - 28 == 1 [ FAIL 36 | WARN 0 | SKIP 0 | PASS 331 ] Error: Test failures Execution halted Flavors: r-release-macos-arm64, r-oldrel-macos-arm64

Version: 1.0.1
Check: tests
Result: ERROR Running ‘testthat.R’ [6s/9s] Running the tests in ‘tests/testthat.R’ failed. Last 13 lines of output: realized_duration(...) not equal to c(...). 1/4 mismatches [1] 31 - 28 == 3 ── Failure ('test-realized_duration.R:158:2'): realized_duration works (realized_only = TRUE) ── realized_duration(...) not equal to c(...). 1/4 mismatches [2] 31 - 28 == 3 ── Failure ('test-realized_duration.R:161:2'): realized_duration works (realized_only = TRUE) ── realized_duration(...) not equal to c(...). 1/4 mismatches [1] 31 - 28 == 3 [ FAIL 36 | WARN 0 | SKIP 0 | PASS 331 ] Error: Test failures Execution halted Flavor: r-release-macos-x86_64