CRAN Package Check Results for Package disposables

Last updated on 2022-06-29 11:52:07 CEST.

Flavor Version Tinstall Tcheck Ttotal Status Flags
r-devel-linux-x86_64-debian-clang 1.0.3 1.92 25.01 26.93 NOTE
r-devel-linux-x86_64-debian-gcc 1.0.3 1.57 19.57 21.14 NOTE
r-devel-linux-x86_64-fedora-clang 1.0.3 43.99 NOTE
r-devel-linux-x86_64-fedora-gcc 1.0.3 43.89 NOTE
r-devel-windows-x86_64 1.0.3 14.00 51.00 65.00 NOTE
r-patched-linux-x86_64 1.0.3 2.01 24.94 26.95 NOTE
r-release-linux-x86_64 1.0.3 1.80 24.76 26.56 NOTE
r-release-macos-arm64 1.0.3 14.00 NOTE
r-release-macos-x86_64 1.0.3 22.00 NOTE
r-release-windows-x86_64 1.0.3 18.00 50.00 68.00 NOTE
r-oldrel-macos-arm64 1.0.3 17.00 NOTE
r-oldrel-macos-x86_64 1.0.3 29.00 NOTE
r-oldrel-windows-ix86+x86_64 1.0.3 5.00 45.00 50.00 NOTE

Check Details

Version: 1.0.3
Check: LazyData
Result: NOTE
     'LazyData' is specified without a 'data' directory
Flavors: r-devel-linux-x86_64-debian-clang, r-devel-linux-x86_64-debian-gcc, r-devel-linux-x86_64-fedora-clang, r-devel-linux-x86_64-fedora-gcc, r-devel-windows-x86_64, r-patched-linux-x86_64, r-release-linux-x86_64, r-release-macos-arm64, r-release-macos-x86_64, r-release-windows-x86_64, r-oldrel-macos-arm64, r-oldrel-macos-x86_64, r-oldrel-windows-ix86+x86_64