Last updated on 2024-08-16 12:49:06 CEST.
Flavor | Version | Tinstall | Tcheck | Ttotal | Status | Flags |
---|---|---|---|---|---|---|
r-devel-linux-x86_64-debian-clang | 1.0-1 | 2.24 | 58.87 | 61.11 | OK | |
r-devel-linux-x86_64-debian-gcc | 1.0-1 | 1.60 | 41.76 | 43.36 | OK | |
r-devel-linux-x86_64-fedora-clang | 1.0-1 | 98.33 | NOTE | |||
r-devel-linux-x86_64-fedora-gcc | 1.0-1 | 103.80 | OK | |||
r-devel-windows-x86_64 | 1.0-1 | 3.00 | 79.00 | 82.00 | NOTE | |
r-patched-linux-x86_64 | 1.0-1 | 2.08 | 54.14 | 56.22 | OK | |
r-release-linux-x86_64 | 1.0-1 | 1.81 | 55.08 | 56.89 | OK | |
r-release-macos-arm64 | 1.0-1 | 36.00 | NOTE | |||
r-release-macos-x86_64 | 1.0-1 | 57.00 | NOTE | |||
r-release-windows-x86_64 | 1.0-1 | 3.00 | 78.00 | 81.00 | NOTE | |
r-oldrel-macos-arm64 | 1.0-1 | 37.00 | NOTE | |||
r-oldrel-macos-x86_64 | 1.0-1 | 62.00 | NOTE | |||
r-oldrel-windows-x86_64 | 1.0-1 | 3.00 | 89.00 | 92.00 | NOTE |
Version: 1.0-1
Check: installed package size
Result: NOTE
installed size is 6.2Mb
sub-directories of 1Mb or more:
doc 1.5Mb
extdata 4.2Mb
Flavors: r-devel-linux-x86_64-fedora-clang, r-devel-windows-x86_64, r-release-macos-arm64, r-release-macos-x86_64, r-release-windows-x86_64, r-oldrel-macos-arm64, r-oldrel-macos-x86_64, r-oldrel-windows-x86_64