CRAN Package Check Results for Package discretecdAlgorithm

Last updated on 2022-06-29 11:52:07 CEST.

Flavor Version Tinstall Tcheck Ttotal Status Flags
r-devel-linux-x86_64-debian-clang 0.0.7 75.26 46.15 121.41 NOTE
r-devel-linux-x86_64-debian-gcc 0.0.7 52.91 35.20 88.11 NOTE
r-devel-linux-x86_64-fedora-clang 0.0.7 180.76 NOTE
r-devel-linux-x86_64-fedora-gcc 0.0.7 155.96 NOTE
r-devel-windows-x86_64 0.0.7 88.00 93.00 181.00 NOTE
r-patched-linux-x86_64 0.0.7 53.38 44.31 97.69 NOTE
r-release-linux-x86_64 0.0.7 50.30 44.54 94.84 NOTE
r-release-macos-arm64 0.0.7 43.00 NOTE
r-release-macos-x86_64 0.0.7 61.00 NOTE
r-release-windows-x86_64 0.0.7 79.00 90.00 169.00 NOTE
r-oldrel-macos-arm64 0.0.7 50.00 NOTE
r-oldrel-macos-x86_64 0.0.7 94.00 NOTE
r-oldrel-windows-ix86+x86_64 0.0.7 145.00 107.00 252.00 NOTE

Check Details

Version: 0.0.7
Check: LazyData
Result: NOTE
     'LazyData' is specified without a 'data' directory
Flavors: r-devel-linux-x86_64-debian-clang, r-devel-linux-x86_64-debian-gcc, r-devel-linux-x86_64-fedora-clang, r-devel-linux-x86_64-fedora-gcc, r-devel-windows-x86_64, r-patched-linux-x86_64, r-release-linux-x86_64, r-release-macos-arm64, r-release-macos-x86_64, r-release-windows-x86_64, r-oldrel-macos-arm64, r-oldrel-macos-x86_64, r-oldrel-windows-ix86+x86_64

Version: 0.0.7
Check: installed package size
Result: NOTE
     installed size is 8.1Mb
     sub-directories of 1Mb or more:
     libs 8.0Mb
Flavors: r-devel-linux-x86_64-fedora-clang, r-release-macos-arm64, r-release-macos-x86_64, r-oldrel-macos-arm64, r-oldrel-macos-x86_64