CRAN Package Check Results for Package discreteRV

Last updated on 2022-06-29 11:52:07 CEST.

Flavor Version Tinstall Tcheck Ttotal Status Flags
r-devel-linux-x86_64-debian-clang 1.2.2 3.03 62.72 65.75 NOTE
r-devel-linux-x86_64-debian-gcc 1.2.2 2.70 44.74 47.44 NOTE
r-devel-linux-x86_64-fedora-clang 1.2.2 85.87 NOTE
r-devel-linux-x86_64-fedora-gcc 1.2.2 87.44 NOTE
r-devel-windows-x86_64 1.2.2 28.00 89.00 117.00 NOTE
r-patched-linux-x86_64 1.2.2 3.92 58.05 61.97 NOTE
r-release-linux-x86_64 1.2.2 2.60 57.79 60.39 NOTE
r-release-macos-arm64 1.2.2 24.00 NOTE
r-release-macos-x86_64 1.2.2 35.00 NOTE
r-release-windows-x86_64 1.2.2 26.00 92.00 118.00 NOTE
r-oldrel-macos-arm64 1.2.2 26.00 NOTE
r-oldrel-macos-x86_64 1.2.2 47.00 NOTE
r-oldrel-windows-ix86+x86_64 1.2.2 8.00 59.00 67.00 NOTE

Check Details

Version: 1.2.2
Check: LazyData
Result: NOTE
     'LazyData' is specified without a 'data' directory
Flavors: r-devel-linux-x86_64-debian-clang, r-devel-linux-x86_64-debian-gcc, r-devel-linux-x86_64-fedora-clang, r-devel-linux-x86_64-fedora-gcc, r-devel-windows-x86_64, r-patched-linux-x86_64, r-release-linux-x86_64, r-release-macos-arm64, r-release-macos-x86_64, r-release-windows-x86_64, r-oldrel-macos-arm64, r-oldrel-macos-x86_64, r-oldrel-windows-ix86+x86_64