CRAN Package Check Results for Package discfrail

Last updated on 2025-10-22 12:50:24 CEST.

Flavor Version Tinstall Tcheck Ttotal Status Flags
r-devel-linux-x86_64-debian-clang 0.2 7.46 93.87 101.33 NOTE
r-devel-linux-x86_64-debian-gcc 0.2 4.62 67.00 71.62 NOTE
r-devel-linux-x86_64-fedora-clang 0.2 19.00 140.51 159.51 OK
r-devel-linux-x86_64-fedora-gcc 0.2 18.00 150.02 168.02 OK
r-devel-windows-x86_64 0.2 9.00 129.00 138.00 OK
r-patched-linux-x86_64 0.2 8.21 89.38 97.59 OK
r-release-linux-x86_64 0.2 7.81 89.39 97.20 OK
r-release-macos-arm64 0.2 4.00 78.00 82.00 OK
r-release-macos-x86_64 0.2 7.00 101.00 108.00 OK
r-release-windows-x86_64 0.2 9.00 134.00 143.00 OK
r-oldrel-macos-arm64 0.2 5.00 60.00 65.00 OK
r-oldrel-macos-x86_64 0.2 6.00 122.00 128.00 OK
r-oldrel-windows-x86_64 0.2 11.00 153.00 164.00 OK

Check Details

Version: 0.2
Check: HTML version of manual
Result: NOTE Found the following HTML validation problems: print.npdf.html:55:1 (print.npdf.Rd:14): Warning: missing </ul> before </div> print.npdflist.html:55:1 (print.npdflist.Rd:14): Warning: missing </ul> before </div> Flavors: r-devel-linux-x86_64-debian-clang, r-devel-linux-x86_64-debian-gcc