Last updated on 2024-04-23 10:54:00 CEST.
Flavor | Version | Tinstall | Tcheck | Ttotal | Status | Flags |
---|---|---|---|---|---|---|
r-devel-linux-x86_64-debian-clang | 0.3.0 | 114.11 | 159.76 | 273.87 | NOTE | |
r-devel-linux-x86_64-debian-gcc | 0.3.0 | 111.17 | 123.03 | 234.20 | NOTE | |
r-devel-linux-x86_64-fedora-clang | 0.3.0 | 500.67 | OK | |||
r-devel-linux-x86_64-fedora-gcc | 0.3.0 | 649.20 | OK | |||
r-prerel-macos-arm64 | 0.3.0 | 107.00 | NOTE | |||
r-prerel-windows-x86_64 | 0.3.0 | 89.00 | 255.00 | 344.00 | NOTE | |
r-patched-linux-x86_64 | 0.3.0 | 122.13 | 156.11 | 278.24 | NOTE | |
r-release-linux-x86_64 | 0.3.0 | 89.49 | 160.18 | 249.67 | NOTE | |
r-release-macos-arm64 | 0.3.0 | 96.00 | NOTE | |||
r-release-macos-x86_64 | 0.3.0 | 273.00 | NOTE | |||
r-release-windows-x86_64 | 0.3.0 | 113.00 | 194.00 | 307.00 | NOTE | |
r-oldrel-macos-arm64 | 0.3.0 | 106.00 | NOTE | |||
r-oldrel-windows-x86_64 | 0.3.0 | 103.00 | 188.00 | 291.00 | NOTE |
Version: 0.3.0
Check: package dependencies
Result: NOTE
Package suggested but not available for checking: ‘INLA’
Flavors: r-devel-linux-x86_64-debian-clang, r-devel-linux-x86_64-debian-gcc, r-prerel-macos-arm64, r-patched-linux-x86_64, r-release-linux-x86_64, r-release-macos-arm64, r-release-macos-x86_64, r-release-windows-x86_64, r-oldrel-macos-arm64, r-oldrel-windows-x86_64
Version: 0.3.0
Check: installed package size
Result: NOTE
installed size is 48.1Mb
sub-directories of 1Mb or more:
libs 47.5Mb
Flavors: r-prerel-macos-arm64, r-prerel-windows-x86_64, r-release-macos-arm64, r-release-macos-x86_64, r-release-windows-x86_64, r-oldrel-macos-arm64, r-oldrel-windows-x86_64