Last updated on 2024-04-24 11:20:48 CEST.
Flavor | Version | Tinstall | Tcheck | Ttotal | Status | Flags |
---|---|---|---|---|---|---|
r-devel-linux-x86_64-debian-clang | 1.0.1 | 2.44 | 2.44 | ERROR | ||
r-devel-linux-x86_64-debian-gcc | 1.0.1 | 46.57 | 418.12 | 464.69 | OK | |
r-devel-linux-x86_64-fedora-clang | 1.0.1 | 793.78 | OK | |||
r-devel-linux-x86_64-fedora-gcc | 1.0.1 | 768.16 | OK | |||
r-devel-windows-x86_64 | 1.0.1 | 53.00 | 576.00 | 629.00 | OK | |
r-patched-linux-x86_64 | 1.0.1 | 52.83 | 553.37 | 606.20 | OK | |
r-release-linux-x86_64 | 1.0.1 | 53.53 | 575.06 | 628.59 | OK | |
r-release-macos-arm64 | 1.0.1 | 175.00 | NOTE | |||
r-release-macos-x86_64 | 1.0.1 | 256.00 | OK | |||
r-release-windows-x86_64 | 1.0.1 | 56.00 | 581.00 | 637.00 | OK | |
r-oldrel-macos-arm64 | 1.0.1 | 10.00 | ERROR | |||
r-oldrel-macos-x86_64 | 1.0.1 | 266.00 | NOTE | |||
r-oldrel-windows-x86_64 | 1.0.1 | 64.00 | 539.00 | 603.00 | OK |
Version: 1.0.1
Check: package dependencies
Result: ERROR
Package required but not available: ‘zinbwave’
See section ‘The DESCRIPTION file’ in the ‘Writing R Extensions’
manual.
Flavor: r-devel-linux-x86_64-debian-clang
Version: 1.0.1
Check: package dependencies
Result: NOTE
Packages suggested but not available for checking: 'rhdf5', 'HDF5Array'
Flavors: r-release-macos-arm64, r-oldrel-macos-x86_64
Version: 1.0.1
Check: Rd cross-references
Result: NOTE
Package unavailable to check Rd xrefs: ‘HDF5Array’
Flavors: r-release-macos-arm64, r-oldrel-macos-x86_64
Version: 1.0.1
Check: package dependencies
Result: ERROR
Packages required but not available: 'zinbwave', 'scran'
See section ‘The DESCRIPTION file’ in the ‘Writing R Extensions’
manual.
Flavor: r-oldrel-macos-arm64