Last updated on 2025-04-29 12:52:34 CEST.
Flavor | Version | Tinstall | Tcheck | Ttotal | Status | Flags |
---|---|---|---|---|---|---|
r-devel-linux-x86_64-debian-clang | 1.1.0 | 3.67 | 35.75 | 39.42 | OK | |
r-devel-linux-x86_64-debian-gcc | 1.1.0 | 2.91 | 25.21 | 28.12 | OK | |
r-devel-linux-x86_64-fedora-clang | 1.1.0 | 62.34 | OK | |||
r-devel-linux-x86_64-fedora-gcc | 1.1.0 | 59.76 | OK | |||
r-devel-windows-x86_64 | 1.1.0 | 5.00 | 54.00 | 59.00 | OK | |
r-patched-linux-x86_64 | 1.1.0 | 3.06 | 33.22 | 36.28 | OK | |
r-release-linux-x86_64 | 1.1.0 | 3.61 | 32.99 | 36.60 | OK | |
r-release-macos-arm64 | 1.1.0 | 22.00 | OK | |||
r-release-macos-x86_64 | 1.1.0 | 38.00 | OK | |||
r-release-windows-x86_64 | 1.1.0 | 6.00 | 57.00 | 63.00 | OK | |
r-oldrel-macos-arm64 | 1.1.0 | 21.00 | NOTE | |||
r-oldrel-macos-x86_64 | 1.1.0 | 33.00 | NOTE | |||
r-oldrel-windows-x86_64 | 1.1.0 | 5.00 | 53.00 | 58.00 | NOTE |
Version: 1.1.0
Check: package dependencies
Result: NOTE
Package suggested but not available for checking: ‘gurobi’
Flavors: r-oldrel-macos-arm64, r-oldrel-macos-x86_64, r-oldrel-windows-x86_64