Last updated on 2023-12-11 11:53:29 CET.
Flavor | Version | Tinstall | Tcheck | Ttotal | Status | Flags |
---|---|---|---|---|---|---|
r-devel-linux-x86_64-debian-clang | 0.4.2 | 4.31 | 73.14 | 77.45 | NOTE | |
r-devel-linux-x86_64-debian-gcc | 0.4.2 | 3.69 | 54.95 | 58.64 | NOTE | |
r-devel-linux-x86_64-fedora-clang | 0.4.2 | 98.96 | NOTE | |||
r-devel-linux-x86_64-fedora-gcc | 0.4.2 | 107.21 | NOTE | |||
r-devel-windows-x86_64 | 0.4.2 | 6.00 | 114.00 | 120.00 | NOTE | |
r-patched-linux-x86_64 | 0.4.2 | 5.28 | 71.18 | 76.46 | NOTE | |
r-release-linux-x86_64 | 0.4.2 | 4.75 | 71.40 | 76.15 | NOTE | |
r-release-macos-arm64 | 0.4.2 | 40.00 | NOTE | |||
r-release-macos-x86_64 | 0.4.2 | 64.00 | NOTE | |||
r-release-windows-x86_64 | 0.4.2 | 6.00 | 112.00 | 118.00 | NOTE | |
r-oldrel-macos-arm64 | 0.4.2 | 33.00 | NOTE | |||
r-oldrel-macos-x86_64 | 0.4.2 | 46.00 | NOTE | |||
r-oldrel-windows-x86_64 | 0.4.2 | 8.00 | 108.00 | 116.00 | NOTE |
Version: 0.4.2
Check: Rd files
Result: NOTE
checkRd: (-1) sensitivitySamplerManual-DPMech-function-numeric-numeric-numeric-method.Rd:25: Lost braces
25 | \item{k}{order statistic index in {1,...,\code{m}}.}
| ^
checkRd: (-1) sensitivitySamplerManual-DPMechNumeric-function-numeric-numeric-numeric-method.Rd:25: Lost braces
25 | \item{k}{order statistic index in {1,...,\code{m}}.}
| ^
checkRd: (-1) sensitivitySamplerManual.Rd:22: Lost braces
22 | \item{k}{order statistic index in {1,...,\code{m}}.}
| ^
Flavors: r-devel-linux-x86_64-debian-clang, r-devel-linux-x86_64-debian-gcc
Version: 0.4.2
Check: LazyData
Result: NOTE
'LazyData' is specified without a 'data' directory
Flavors: r-devel-linux-x86_64-debian-clang, r-devel-linux-x86_64-debian-gcc, r-devel-linux-x86_64-fedora-clang, r-devel-linux-x86_64-fedora-gcc, r-devel-windows-x86_64, r-patched-linux-x86_64, r-release-linux-x86_64, r-release-macos-arm64, r-release-macos-x86_64, r-release-windows-x86_64, r-oldrel-macos-arm64, r-oldrel-macos-x86_64, r-oldrel-windows-x86_64