CRAN Package Check Results for Package didimputation

Last updated on 2023-09-30 11:51:38 CEST.

Flavor Version Tinstall Tcheck Ttotal Status Flags
r-devel-linux-x86_64-debian-clang 0.3.0 41.74 66.03 107.77 NOTE
r-devel-linux-x86_64-debian-gcc 0.3.0 29.72 47.11 76.83 NOTE
r-devel-linux-x86_64-fedora-clang 0.3.0 136.23 NOTE
r-devel-linux-x86_64-fedora-gcc 0.3.0 132.93 NOTE
r-devel-windows-x86_64 0.3.0 32.00 83.00 115.00 NOTE
r-patched-linux-x86_64 0.3.0 30.92 60.61 91.53 NOTE
r-release-linux-x86_64 0.3.0 28.79 60.99 89.78 NOTE
r-release-macos-arm64 0.3.0 45.00 NOTE
r-release-macos-x86_64 0.3.0 64.00 NOTE
r-release-windows-x86_64 0.3.0 45.00 101.00 146.00 NOTE
r-oldrel-macos-arm64 0.3.0 44.00 OK
r-oldrel-macos-x86_64 0.3.0 54.00 OK
r-oldrel-windows-x86_64 0.3.0 43.00 101.00 144.00 OK

Check Details

Version: 0.3.0
Check: C++ specification
Result: NOTE
     Specified C++11: please drop specification unless essential
Flavors: r-devel-linux-x86_64-debian-clang, r-devel-linux-x86_64-debian-gcc, r-devel-linux-x86_64-fedora-clang, r-devel-linux-x86_64-fedora-gcc, r-devel-windows-x86_64, r-patched-linux-x86_64, r-release-linux-x86_64, r-release-macos-arm64, r-release-macos-x86_64, r-release-windows-x86_64