Last updated on 2023-02-06 11:04:33 CET.
Flavor | Version | Tinstall | Tcheck | Ttotal | Status | Flags |
---|---|---|---|---|---|---|
r-devel-linux-x86_64-debian-clang | 0.3.0 | 38.60 | 67.37 | 105.97 | NOTE | |
r-devel-linux-x86_64-debian-gcc | 0.3.0 | 33.73 | 48.96 | 82.69 | NOTE | |
r-devel-linux-x86_64-fedora-clang | 0.3.0 | 138.37 | NOTE | |||
r-devel-linux-x86_64-fedora-gcc | 0.3.0 | 129.49 | NOTE | |||
r-devel-windows-x86_64 | 0.3.0 | 42.00 | 115.00 | 157.00 | NOTE | |
r-patched-linux-x86_64 | 0.3.0 | 29.12 | 61.53 | 90.65 | OK | |
r-release-linux-x86_64 | 0.3.0 | 27.22 | 61.11 | 88.33 | OK | |
r-release-macos-arm64 | 0.3.0 | 44.00 | OK | |||
r-release-macos-x86_64 | 0.3.0 | 54.00 | OK | |||
r-release-windows-x86_64 | 0.3.0 | 47.00 | 119.00 | 166.00 | OK | |
r-oldrel-macos-arm64 | 0.3.0 | 44.00 | OK | |||
r-oldrel-macos-x86_64 | 0.3.0 | 57.00 | OK | |||
r-oldrel-windows-ix86+x86_64 | 0.3.0 | 99.00 | 148.00 | 247.00 | OK |
Version: 0.3.0
Check: C++ specification
Result: NOTE
Specified C++11: please update to current default of C++17
Flavors: r-devel-linux-x86_64-debian-clang, r-devel-linux-x86_64-debian-gcc, r-devel-linux-x86_64-fedora-clang, r-devel-linux-x86_64-fedora-gcc, r-devel-windows-x86_64