Last updated on 2022-06-25 10:53:01 CEST.
Flavor | Version | Tinstall | Tcheck | Ttotal | Status | Flags |
---|---|---|---|---|---|---|
r-devel-linux-x86_64-debian-clang | 0.6.0 | 45.52 | 123.91 | 169.43 | OK | |
r-devel-linux-x86_64-debian-gcc | 0.6.0 | 40.02 | 93.44 | 133.46 | OK | |
r-devel-linux-x86_64-fedora-clang | 0.6.0 | 245.37 | NOTE | |||
r-devel-linux-x86_64-fedora-gcc | 0.6.0 | 231.84 | NOTE | |||
r-devel-windows-x86_64 | 0.6.0 | 53.00 | 168.00 | 221.00 | OK | |
r-patched-linux-x86_64 | 0.6.0 | 34.96 | 119.85 | 154.81 | OK | |
r-release-linux-x86_64 | 0.6.0 | 46.59 | 117.11 | 163.70 | OK | |
r-release-macos-arm64 | 0.6.0 | 63.00 | NOTE | |||
r-release-macos-x86_64 | 0.6.0 | 106.00 | NOTE | |||
r-release-windows-x86_64 | 0.6.0 | 47.00 | 162.00 | 209.00 | OK | |
r-oldrel-macos-arm64 | 0.6.0 | 61.00 | NOTE | |||
r-oldrel-macos-x86_64 | 0.6.0 | 86.00 | NOTE | |||
r-oldrel-windows-ix86+x86_64 | 0.6.0 | 114.00 | 208.00 | 322.00 | OK |
Version: 0.6.0
Check: dependencies in R code
Result: NOTE
Namespaces in Imports field not imported from:
‘dplyr’ ‘magrittr’ ‘purrr’ ‘rsample’ ‘tibble’
All declared Imports should be used.
Flavors: r-devel-linux-x86_64-fedora-clang, r-devel-linux-x86_64-fedora-gcc, r-release-macos-arm64, r-release-macos-x86_64, r-oldrel-macos-arm64, r-oldrel-macos-x86_64