Last updated on 2022-06-29 11:52:07 CEST.
Flavor | Version | Tinstall | Tcheck | Ttotal | Status | Flags |
---|---|---|---|---|---|---|
r-devel-linux-x86_64-debian-clang | 1.2.0 | 31.15 | 232.85 | 264.00 | OK | |
r-devel-linux-x86_64-debian-gcc | 1.2.0 | 22.53 | 170.44 | 192.97 | OK | |
r-devel-linux-x86_64-fedora-clang | 1.2.0 | 337.18 | WARN | |||
r-devel-linux-x86_64-fedora-gcc | 1.2.0 | 354.91 | WARN | |||
r-devel-windows-x86_64 | 1.2.0 | 40.00 | 310.00 | 350.00 | OK | |
r-patched-linux-x86_64 | 1.2.0 | 25.28 | 218.43 | 243.71 | OK | |
r-release-linux-x86_64 | 1.2.0 | 25.75 | 216.98 | 242.73 | OK | |
r-release-macos-arm64 | 1.2.0 | 92.00 | OK | |||
r-release-macos-x86_64 | 1.2.0 | 122.00 | OK | |||
r-release-windows-x86_64 | 1.2.0 | 42.00 | 299.00 | 341.00 | OK | |
r-oldrel-macos-arm64 | 1.2.0 | 87.00 | OK | |||
r-oldrel-macos-x86_64 | 1.2.0 | 118.00 | OK | |||
r-oldrel-windows-ix86+x86_64 | 1.2.0 | 75.00 | 552.00 | 627.00 | OK |
Version: 1.2.0
Check: package dependencies
Result: WARN
Requires (indirectly) orphaned package: ‘gtools’
Flavors: r-devel-linux-x86_64-fedora-clang, r-devel-linux-x86_64-fedora-gcc