CRAN Package Check Results for Package diathor

Last updated on 2022-06-30 11:53:06 CEST.

Flavor Version Tinstall Tcheck Ttotal Status Flags
r-devel-linux-x86_64-debian-clang 0.1.0 23.14 129.78 152.92 OK
r-devel-linux-x86_64-debian-gcc 0.1.0 19.18 98.93 118.11 OK
r-devel-linux-x86_64-fedora-clang 0.1.0 194.56 NOTE
r-devel-linux-x86_64-fedora-gcc 0.1.0 196.75 NOTE
r-devel-windows-x86_64 0.1.0 38.00 148.00 186.00 OK
r-patched-linux-x86_64 0.1.0 19.61 125.73 145.34 OK
r-release-linux-x86_64 0.1.0 21.41 124.84 146.25 OK
r-release-macos-arm64 0.1.0 56.00 NOTE
r-release-macos-x86_64 0.1.0 112.00 NOTE
r-release-windows-x86_64 0.1.0 47.00 152.00 199.00 OK
r-oldrel-macos-arm64 0.1.0 46.00 NOTE
r-oldrel-macos-x86_64 0.1.0 71.00 NOTE
r-oldrel-windows-ix86+x86_64 0.1.0 44.00 147.00 191.00 OK

Check Details

Version: 0.1.0
Check: data for non-ASCII characters
Result: NOTE
     Note: found 8014 marked UTF-8 strings
Flavors: r-devel-linux-x86_64-fedora-clang, r-devel-linux-x86_64-fedora-gcc, r-release-macos-arm64, r-release-macos-x86_64, r-oldrel-macos-arm64, r-oldrel-macos-x86_64