Last updated on 2025-01-25 12:49:20 CET.
Flavor | Version | Tinstall | Tcheck | Ttotal | Status | Flags |
---|---|---|---|---|---|---|
r-devel-linux-x86_64-debian-clang | 1.0.0 | 9.33 | 79.59 | 88.92 | NOTE | |
r-devel-linux-x86_64-debian-gcc | 1.0.0 | 7.38 | 58.74 | 66.12 | NOTE | |
r-devel-linux-x86_64-fedora-clang | 1.0.0 | 148.25 | OK | |||
r-devel-linux-x86_64-fedora-gcc | 1.0.0 | 135.29 | OK | |||
r-devel-windows-x86_64 | 1.0.0 | 12.00 | 102.00 | 114.00 | NOTE | |
r-patched-linux-x86_64 | 1.0.0 | 14.96 | 75.38 | 90.34 | OK | |
r-release-linux-x86_64 | 1.0.0 | 10.68 | 73.86 | 84.54 | OK | |
r-release-macos-arm64 | 1.0.0 | 40.00 | OK | |||
r-release-macos-x86_64 | 1.0.0 | 63.00 | OK | |||
r-release-windows-x86_64 | 1.0.0 | 12.00 | 101.00 | 113.00 | OK | |
r-oldrel-macos-arm64 | 1.0.0 | 50.00 | OK | |||
r-oldrel-macos-x86_64 | 1.0.0 | 92.00 | OK | |||
r-oldrel-windows-x86_64 | 1.0.0 | 15.00 | 117.00 | 132.00 | OK |
Version: 1.0.0
Check: Rd cross-references
Result: NOTE
Found the following Rd file(s) with Rd \link{} targets missing package
anchors:
class_to_regL1.Rd: rq
class_to_rq.Rd: rq
forwardSearch_regL1.Rd: lmsreg, rq, rq.fit.br, rq.fit.fnb
regL1.Rd: rq, rq.fit.br, rq.fit.fnb
regL1_het.Rd: rq, rq.fit.br, rq.fit.fnb
summary.regL1.Rd: summary.rq, boot.rq
Please provide package anchors for all Rd \link{} targets not in the
package itself and the base packages.
Flavors: r-devel-linux-x86_64-debian-clang, r-devel-linux-x86_64-debian-gcc, r-devel-windows-x86_64