Last updated on 2024-04-26 12:54:30 CEST.
Flavor | Version | Tinstall | Tcheck | Ttotal | Status | Flags |
---|---|---|---|---|---|---|
r-devel-linux-x86_64-debian-clang | 1.0.1 | 27.23 | 27.82 | 55.05 | NOTE | |
r-devel-linux-x86_64-debian-gcc | 1.0.1 | 21.19 | 21.83 | 43.02 | NOTE | |
r-devel-linux-x86_64-fedora-clang | 1.0.1 | 77.48 | NOTE | |||
r-devel-linux-x86_64-fedora-gcc | 1.0.1 | 72.91 | NOTE | |||
r-devel-windows-x86_64 | 1.0.1 | 22.00 | 62.00 | 84.00 | NOTE | |
r-patched-linux-x86_64 | 1.0.1 | 22.67 | 27.25 | 49.92 | NOTE | |
r-release-linux-x86_64 | 1.0.1 | 26.58 | 27.45 | 54.03 | NOTE | |
r-release-macos-arm64 | 1.0.1 | 22.00 | NOTE | |||
r-release-windows-x86_64 | 1.0.1 | 22.00 | 61.00 | 83.00 | NOTE | |
r-oldrel-macos-arm64 | 1.0.1 | 27.00 | NOTE | |||
r-oldrel-macos-x86_64 | 1.0.1 | 37.00 | NOTE | |||
r-oldrel-windows-x86_64 | 1.0.1 | 28.00 | 65.00 | 93.00 | NOTE |
Version: 1.0.1
Check: C++ specification
Result: NOTE
Specified C++11: please drop specification unless essential
Flavors: r-devel-linux-x86_64-debian-clang, r-devel-linux-x86_64-debian-gcc, r-devel-linux-x86_64-fedora-clang, r-devel-linux-x86_64-fedora-gcc, r-devel-windows-x86_64, r-patched-linux-x86_64, r-release-linux-x86_64, r-release-macos-arm64, r-release-windows-x86_64, r-oldrel-macos-arm64, r-oldrel-macos-x86_64, r-oldrel-windows-x86_64